Last updated on 2023-11-28 07:53:03 CET.
Flavor | Version | Tinstall | Tcheck | Ttotal | Status | Flags |
---|---|---|---|---|---|---|
r-devel-linux-x86_64-debian-clang | 0.2.2 | 9.19 | 93.43 | 102.62 | OK | |
r-devel-linux-x86_64-debian-gcc | 0.2.2 | 6.18 | 67.48 | 73.66 | OK | |
r-devel-linux-x86_64-fedora-clang | 0.2.2 | 126.59 | NOTE | |||
r-devel-linux-x86_64-fedora-gcc | 0.2.2 | 132.13 | NOTE | |||
r-devel-windows-x86_64 | 0.2.2 | 9.00 | 82.00 | 91.00 | OK | |
r-patched-linux-x86_64 | 0.2.2 | 14.57 | 87.25 | 101.82 | OK | |
r-release-linux-x86_64 | 0.2.2 | 5.56 | 87.11 | 92.67 | OK | |
r-release-macos-arm64 | 0.2.2 | 44.00 | OK | |||
r-release-macos-x86_64 | 0.2.2 | 75.00 | OK | |||
r-release-windows-x86_64 | 0.2.2 | 11.00 | 100.00 | 111.00 | OK | |
r-oldrel-macos-arm64 | 0.2.2 | 32.00 | NOTE | |||
r-oldrel-macos-x86_64 | 0.2.2 | 54.00 | NOTE | |||
r-oldrel-windows-x86_64 | 0.2.2 | 11.00 | 103.00 | 114.00 | OK |
Version: 0.2.2
Check: dependencies in R code
Result: NOTE
Namespace in Imports field not imported from: ‘mockery’
All declared Imports should be used.
Flavors: r-devel-linux-x86_64-fedora-clang, r-devel-linux-x86_64-fedora-gcc, r-oldrel-macos-arm64, r-oldrel-macos-x86_64