CRAN Package Check Results for Package gitignore

Last updated on 2021-10-24 01:51:31 CEST.

Flavor Version Tinstall Tcheck Ttotal Status Flags
r-devel-linux-x86_64-debian-clang 0.1.4 2.04 26.42 28.46 NOTE
r-devel-linux-x86_64-debian-gcc 0.1.4 1.56 20.91 22.47 NOTE
r-devel-linux-x86_64-fedora-clang 0.1.4 44.47 NOTE
r-devel-linux-x86_64-fedora-gcc 0.1.4 35.76 NOTE
r-devel-windows-x86_64 0.1.4 4.00 68.00 72.00 NOTE
r-devel-windows-x86_64-gcc10-UCRT 0.1.4 NOTE
r-patched-linux-x86_64 0.1.4 2.09 25.31 27.40 NOTE
r-patched-solaris-x86 0.1.4 52.80 NOTE
r-release-linux-x86_64 0.1.4 2.04 25.28 27.32 NOTE
r-release-macos-arm64 0.1.4 NOTE
r-release-macos-x86_64 0.1.4 NOTE
r-release-windows-ix86+x86_64 0.1.4 4.00 58.00 62.00 NOTE
r-oldrel-macos-x86_64 0.1.4 OK
r-oldrel-windows-ix86+x86_64 0.1.4 6.00 58.00 64.00 OK

Check Details

Version: 0.1.4
Check: LazyData
Result: NOTE
     'LazyData' is specified without a 'data' directory
Flavors: r-devel-linux-x86_64-debian-clang, r-devel-linux-x86_64-debian-gcc, r-devel-linux-x86_64-fedora-clang, r-devel-linux-x86_64-fedora-gcc, r-devel-windows-x86_64, r-devel-windows-x86_64-gcc10-UCRT, r-patched-linux-x86_64, r-patched-solaris-x86, r-release-linux-x86_64, r-release-macos-arm64, r-release-macos-x86_64, r-release-windows-ix86+x86_64