CRAN Package Check Results for Package gitlabr

Last updated on 2021-09-22 01:48:44 CEST.

Flavor Version Tinstall Tcheck Ttotal Status Flags
r-devel-linux-x86_64-debian-clang 2.0.0 5.03 56.17 61.20 OK
r-devel-linux-x86_64-debian-gcc 2.0.0 3.63 42.06 45.69 OK
r-devel-linux-x86_64-fedora-clang 2.0.0 80.01 OK
r-devel-linux-x86_64-fedora-gcc 2.0.0 68.82 OK
r-devel-windows-x86_64 2.0.0 8.00 66.00 74.00 OK
r-devel-windows-x86_64-gcc10-UCRT 2.0.0 ERROR
r-patched-linux-x86_64 2.0.0 4.82 54.06 58.88 OK
r-patched-solaris-x86 2.0.0 104.30 OK
r-release-linux-x86_64 2.0.0 4.81 54.06 58.87 OK
r-release-macos-arm64 2.0.0 OK
r-release-macos-x86_64 2.0.0 OK
r-release-windows-ix86+x86_64 2.0.0 13.00 62.00 75.00 OK
r-oldrel-macos-x86_64 2.0.0 OK
r-oldrel-windows-ix86+x86_64 2.0.0 13.00 64.00 77.00 OK

Check Details

Version: 2.0.0
Check: whether package can be installed
Result: WARN
    Found the following significant warnings:
     WARNING: installation-time patches will not be applied, could not get the patches index
Flavor: r-devel-windows-x86_64-gcc10-UCRT

Version: 2.0.0
Check: PDF version of manual
Result: WARN
    LaTeX errors when creating PDF version.
    This typically indicates Rd problems.
Flavor: r-devel-windows-x86_64-gcc10-UCRT

Version: 2.0.0
Check: PDF version of manual without hyperrefs or index
Result: ERROR
    Re-running with no redirection of stdout/stderr.
Flavor: r-devel-windows-x86_64-gcc10-UCRT