CRAN Package Check Results for Package gkmSVM

Last updated on 2025-01-19 07:50:00 CET.

Flavor Version Tinstall Tcheck Ttotal Status Flags
r-devel-linux-x86_64-debian-clang 0.83.0 49.56 40.25 89.81 OK
r-devel-linux-x86_64-debian-gcc 0.83.0 31.72 28.62 60.34 OK
r-devel-linux-x86_64-fedora-clang 0.83.0 212.43 OK
r-devel-linux-x86_64-fedora-gcc 0.83.0 172.06 OK
r-devel-windows-x86_64 0.83.0 59.00 74.00 133.00 OK
r-patched-linux-x86_64 0.83.0 42.93 37.51 80.44 OK
r-release-linux-x86_64 0.83.0 45.84 37.25 83.09 OK
r-release-macos-arm64 0.83.0 39.00 NOTE
r-release-macos-x86_64 0.83.0 50.00 NOTE
r-release-windows-x86_64 0.83.0 62.00 74.00 136.00 OK
r-oldrel-macos-arm64 0.83.0 40.00 NOTE
r-oldrel-macos-x86_64 0.83.0 67.00 NOTE
r-oldrel-windows-x86_64 0.83.0 71.00 85.00 156.00 NOTE

Check Details

Version: 0.83.0
Check: package dependencies
Result: NOTE Packages suggested but not available for checking: 'BSgenome.Hsapiens.UCSC.hg18.masked', 'BSgenome.Hsapiens.UCSC.hg19.masked' Flavors: r-release-macos-arm64, r-release-macos-x86_64, r-oldrel-macos-arm64, r-oldrel-macos-x86_64, r-oldrel-windows-x86_64