CRAN Package Check Results for Package glarma

Last updated on 2022-10-07 02:49:54 CEST.

Flavor Version Tinstall Tcheck Ttotal Status Flags
r-devel-linux-x86_64-debian-clang 1.6-0 5.06 112.95 118.01 NOTE
r-devel-linux-x86_64-debian-gcc 1.6-0 4.65 79.76 84.41 NOTE
r-devel-linux-x86_64-fedora-clang 1.6-0 156.40 NOTE
r-devel-linux-x86_64-fedora-gcc 1.6-0 159.39 NOTE
r-devel-windows-x86_64 1.6-0 18.00 167.00 185.00 NOTE
r-patched-linux-x86_64 1.6-0 6.82 105.65 112.47 OK
r-release-linux-x86_64 1.6-0 5.51 104.43 109.94 OK
r-release-macos-arm64 1.6-0 46.00 OK
r-release-macos-x86_64 1.6-0 53.00 OK
r-release-windows-x86_64 1.6-0 29.00 157.00 186.00 OK
r-oldrel-macos-arm64 1.6-0 55.00 OK
r-oldrel-macos-x86_64 1.6-0 83.00 OK
r-oldrel-windows-ix86+x86_64 1.6-0 11.00 140.00 151.00 OK

Check Details

Version: 1.6-0
Check: Rd files
Result: NOTE
    checkRd: (-1) randPIT.Rd:52: Escaped LaTeX specials: \&
Flavors: r-devel-linux-x86_64-debian-clang, r-devel-linux-x86_64-debian-gcc, r-devel-linux-x86_64-fedora-clang, r-devel-linux-x86_64-fedora-gcc, r-devel-windows-x86_64