CRAN Package Check Results for Package glmBfp

Last updated on 2019-12-15 01:50:25 CET.

Flavor Version Tinstall Tcheck Ttotal Status Flags
r-devel-linux-x86_64-debian-clang 0.0-51 255.04 115.28 370.32 OK
r-devel-linux-x86_64-debian-gcc 0.0-51 170.59 87.34 257.93 OK
r-devel-linux-x86_64-fedora-clang 0.0-51 493.24 NOTE
r-devel-linux-x86_64-fedora-gcc 0.0-51 505.02 OK
r-devel-windows-ix86+x86_64 0.0-51 452.00 206.00 658.00 OK
r-devel-windows-ix86+x86_64-gcc8 0.0-51 536.00 216.00 752.00 OK
r-patched-linux-x86_64 0.0-51 196.25 104.95 301.20 OK
r-patched-solaris-x86 0.0-51 496.00 OK
r-release-linux-x86_64 0.0-51 198.21 104.54 302.75 OK
r-release-windows-ix86+x86_64 0.0-51 417.00 162.00 579.00 OK
r-release-osx-x86_64 0.0-51 NOTE
r-oldrel-windows-ix86+x86_64 0.0-51 421.00 146.00 567.00 OK
r-oldrel-osx-x86_64 0.0-51 NOTE

Additional issues

LTO

Check Details

Version: 0.0-51
Check: installed package size
Result: NOTE
     installed size is 9.0Mb
     sub-directories of 1Mb or more:
     libs 8.2Mb
Flavors: r-devel-linux-x86_64-fedora-clang, r-release-osx-x86_64, r-oldrel-osx-x86_64