CRAN Package Check Results for Package glmBfp

Last updated on 2020-07-15 02:46:46 CEST.

Flavor Version Tinstall Tcheck Ttotal Status Flags
r-devel-linux-x86_64-debian-clang 0.0-60 260.87 117.39 378.26 OK
r-devel-linux-x86_64-debian-gcc 0.0-60 200.05 88.68 288.73 OK
r-devel-linux-x86_64-fedora-clang 0.0-60 535.58 NOTE
r-devel-linux-x86_64-fedora-gcc 0.0-60 517.39 OK
r-devel-windows-ix86+x86_64 0.0-60 641.00 220.00 861.00 OK
r-patched-linux-x86_64 0.0-60 158.66 114.26 272.92 OK
r-patched-solaris-x86 0.0-60 499.10 OK
r-release-linux-x86_64 0.0-60 193.44 113.67 307.11 OK
r-release-macos-x86_64 0.0-60 ERROR
r-release-windows-ix86+x86_64 0.0-60 674.00 170.00 844.00 OK
r-oldrel-macos-x86_64 0.0-60 NOTE
r-oldrel-windows-ix86+x86_64 0.0-60 657.00 207.00 864.00 OK

Additional issues

clang11

Check Details

Version: 0.0-60
Check: installed package size
Result: NOTE
     installed size is 10.4Mb
     sub-directories of 1Mb or more:
     libs 9.5Mb
Flavors: r-devel-linux-x86_64-fedora-clang, r-oldrel-macos-x86_64

Version: 0.0-60
Check: whether package can be installed
Result: ERROR
    Installation failed.
Flavor: r-release-macos-x86_64