CRAN Package Check Results for Package glmglrt

Last updated on 2021-11-30 00:51:30 CET.

Flavor Version Tinstall Tcheck Ttotal Status Flags
r-devel-linux-x86_64-debian-clang 0.2.2 3.98 107.77 111.75 NOTE
r-devel-linux-x86_64-debian-gcc 0.2.2 3.14 80.38 83.52 NOTE
r-devel-linux-x86_64-fedora-clang 0.2.2 142.51 NOTE
r-devel-linux-x86_64-fedora-gcc 0.2.2 132.96 NOTE
r-devel-windows-x86_64-new-UL 0.2.2 15.00 146.00 161.00 NOTE
r-devel-windows-x86_64-new-TK 0.2.2 NOTE
r-devel-windows-x86_64-old 0.2.2 11.00 100.00 111.00 NOTE
r-patched-linux-x86_64 0.2.2 7.29 102.11 109.40 NOTE
r-patched-solaris-x86 0.2.2 185.70 NOTE
r-release-linux-x86_64 0.2.2 4.10 103.43 107.53 NOTE
r-release-macos-arm64 0.2.2 NOTE
r-release-macos-x86_64 0.2.2 NOTE
r-release-windows-ix86+x86_64 0.2.2 18.00 93.00 111.00 NOTE
r-oldrel-macos-x86_64 0.2.2 OK
r-oldrel-windows-ix86+x86_64 0.2.2 14.00 96.00 110.00 OK

Check Details

Version: 0.2.2
Check: LazyData
Result: NOTE
     'LazyData' is specified without a 'data' directory
Flavors: r-devel-linux-x86_64-debian-clang, r-devel-linux-x86_64-debian-gcc, r-devel-linux-x86_64-fedora-clang, r-devel-linux-x86_64-fedora-gcc, r-devel-windows-x86_64-new-UL, r-devel-windows-x86_64-new-TK, r-devel-windows-x86_64-old, r-patched-linux-x86_64, r-patched-solaris-x86, r-release-linux-x86_64, r-release-macos-arm64, r-release-macos-x86_64, r-release-windows-ix86+x86_64