Last updated on 2023-06-05 07:52:54 CEST.
Flavor | Version | Tinstall | Tcheck | Ttotal | Status | Flags |
---|---|---|---|---|---|---|
r-devel-linux-x86_64-debian-clang | 1.1.4 | 8.69 | 36.54 | 45.23 | OK | |
r-devel-linux-x86_64-debian-gcc | 1.1.4 | 6.22 | 28.49 | 34.71 | OK | |
r-devel-linux-x86_64-fedora-clang | 1.1.4 | 56.97 | OK | |||
r-devel-linux-x86_64-fedora-gcc | 1.1.4 | 66.40 | OK | |||
r-devel-windows-x86_64 | 1.1.4 | 10.00 | 73.00 | 83.00 | OK | |
r-patched-linux-x86_64 | 1.1.4 | 6.52 | 35.65 | 42.17 | OK | |
r-release-linux-x86_64 | 1.1.4 | 7.24 | 35.49 | 42.73 | OK | |
r-release-macos-arm64 | 1.1.4 | 29.00 | OK | |||
r-release-macos-x86_64 | 1.1.4 | 42.00 | NOTE | |||
r-release-windows-x86_64 | 1.1.4 | 11.00 | 74.00 | 85.00 | OK | |
r-oldrel-macos-arm64 | 1.1.4 | 24.00 | OK | |||
r-oldrel-macos-x86_64 | 1.1.4 | 36.00 | OK | |||
r-oldrel-windows-x86_64 | 1.1.4 | 12.00 | 74.00 | 86.00 | OK |
Version: 1.1.4
Check: package dependencies
Result: NOTE
Package suggested but not available for checking: ‘lme4’
Flavor: r-release-macos-x86_64
Version: 1.1.4
Check: Rd cross-references
Result: NOTE
Package unavailable to check Rd xrefs: ‘lme4’
Flavor: r-release-macos-x86_64