CRAN Package Check Results for Package glmmSeq

Last updated on 2021-08-03 01:50:30 CEST.

Flavor Version Tinstall Tcheck Ttotal Status Flags
r-devel-linux-x86_64-debian-clang 0.1.0 16.03 192.89 208.92 OK
r-devel-linux-x86_64-debian-gcc 0.1.0 12.35 141.96 154.31 OK
r-devel-linux-x86_64-fedora-clang 0.1.0 250.97 OK
r-devel-linux-x86_64-fedora-gcc 0.1.0 240.78 OK
r-devel-windows-x86_64 0.1.0 43.00 296.00 339.00 OK
r-devel-windows-x86_64-gcc10-UCRT 0.1.0 OK
r-patched-linux-x86_64 0.1.0 OK
r-patched-solaris-x86 0.1.0 333.50 OK
r-release-linux-x86_64 0.1.0 13.62 183.90 197.52 OK
r-release-macos-arm64 0.1.0 ERROR
r-release-macos-x86_64 0.1.0 OK
r-release-windows-ix86+x86_64 0.1.0 35.00 297.00 332.00 OK
r-oldrel-macos-x86_64 0.1.0 OK
r-oldrel-windows-ix86+x86_64 0.1.0 36.00 306.00 342.00 OK

Check Details

Version: 0.1.0
Check: package dependencies
Result: ERROR
    Package required but not available: ‘qvalue’
    
    Package suggested but not available for checking: ‘edgeR’
    
    See section ‘The DESCRIPTION file’ in the ‘Writing R Extensions’
    manual.
Flavor: r-release-macos-arm64