CRAN Package Check Results for Package glmmTMB

Last updated on 2022-07-01 01:49:32 CEST.

Flavor Version Tinstall Tcheck Ttotal Status Flags
r-devel-linux-x86_64-debian-clang 1.1.3 248.19 288.14 536.33 OK
r-devel-linux-x86_64-debian-gcc 1.1.3 166.73 227.49 394.22 OK
r-devel-linux-x86_64-fedora-clang 1.1.3 734.04 NOTE
r-devel-linux-x86_64-fedora-gcc 1.1.3 649.34 OK
r-devel-windows-x86_64 1.1.3 138.00 317.00 455.00 NOTE --no-vignettes
r-patched-linux-x86_64 1.1.3 179.26 294.14 473.40 OK
r-release-linux-x86_64 1.1.3 164.78 297.57 462.35 OK
r-release-macos-arm64 1.1.3 189.00 NOTE
r-release-macos-x86_64 1.1.3 310.00 NOTE
r-release-windows-x86_64 1.1.3 147.00 312.00 459.00 NOTE --no-vignettes
r-oldrel-macos-arm64 1.1.3 212.00 NOTE
r-oldrel-macos-x86_64 1.1.3 244.00 NOTE
r-oldrel-windows-ix86+x86_64 1.1.3 348.00 487.00 835.00 NOTE --no-vignettes

Check Details

Version: 1.1.3
Check: installed package size
Result: NOTE
     installed size is 45.9Mb
     sub-directories of 1Mb or more:
     libs 41.0Mb
     test_data 2.2Mb
     vignette_data 1.1Mb
Flavors: r-devel-linux-x86_64-fedora-clang, r-release-macos-arm64, r-release-macos-x86_64, r-oldrel-macos-arm64, r-oldrel-macos-x86_64

Version: 1.1.3
Flags: --no-vignettes
Check: installed package size
Result: NOTE
     installed size is 18.7Mb
     sub-directories of 1Mb or more:
     libs 13.9Mb
     test_data 2.2Mb
     vignette_data 1.1Mb
Flavors: r-devel-windows-x86_64, r-release-windows-x86_64, r-oldrel-windows-ix86+x86_64