CRAN Package Check Results for Package glmmfields

Last updated on 2019-12-15 01:50:25 CET.

Flavor Version Tinstall Tcheck Ttotal Status Flags
r-devel-linux-x86_64-debian-clang 0.1.3 147.71 99.86 247.57 NOTE
r-devel-linux-x86_64-debian-gcc 0.1.3 139.69 78.74 218.43 NOTE
r-devel-linux-x86_64-fedora-clang 0.1.3 321.14 NOTE
r-devel-linux-x86_64-fedora-gcc 0.1.3 378.00 NOTE
r-devel-windows-ix86+x86_64 0.1.3 237.00 208.00 445.00 NOTE
r-devel-windows-ix86+x86_64-gcc8 0.1.3 231.00 237.00 468.00 NOTE
r-patched-linux-x86_64 0.1.3 144.05 90.70 234.75 NOTE
r-patched-solaris-x86 0.1.3 322.10 NOTE
r-release-linux-x86_64 0.1.3 144.09 90.89 234.98 NOTE
r-release-windows-ix86+x86_64 0.1.3 214.00 153.00 367.00 NOTE
r-release-osx-x86_64 0.1.3 NOTE
r-oldrel-windows-ix86+x86_64 0.1.3 242.00 146.00 388.00 NOTE
r-oldrel-osx-x86_64 0.1.3 NOTE

Check Details

Version: 0.1.3
Check: for GNU extensions in Makefiles
Result: NOTE
    GNU make is a SystemRequirements.
Flavors: r-devel-linux-x86_64-debian-clang, r-devel-linux-x86_64-debian-gcc, r-devel-linux-x86_64-fedora-clang, r-devel-linux-x86_64-fedora-gcc, r-devel-windows-ix86+x86_64, r-devel-windows-ix86+x86_64-gcc8, r-patched-linux-x86_64, r-patched-solaris-x86, r-release-linux-x86_64, r-release-windows-ix86+x86_64, r-release-osx-x86_64, r-oldrel-windows-ix86+x86_64, r-oldrel-osx-x86_64

Version: 0.1.3
Check: installed package size
Result: NOTE
     installed size is 38.6Mb
     sub-directories of 1Mb or more:
     libs 37.9Mb
Flavors: r-devel-linux-x86_64-fedora-clang, r-devel-windows-ix86+x86_64-gcc8, r-release-osx-x86_64, r-oldrel-osx-x86_64