CRAN Package Check Results for Package glmmfields

Last updated on 2020-07-15 02:46:46 CEST.

Flavor Version Tinstall Tcheck Ttotal Status Flags
r-devel-linux-x86_64-debian-clang 0.1.4 195.72 138.17 333.89 NOTE
r-devel-linux-x86_64-debian-gcc 0.1.4 158.60 110.37 268.97 NOTE
r-devel-linux-x86_64-fedora-clang 0.1.4 404.62 NOTE
r-devel-linux-x86_64-fedora-gcc 0.1.4 426.75 NOTE
r-devel-windows-ix86+x86_64 0.1.4 384.00 269.00 653.00 NOTE
r-patched-linux-x86_64 0.1.4 133.48 142.39 275.87 NOTE
r-patched-solaris-x86 0.1.4 437.80 NOTE
r-release-linux-x86_64 0.1.4 142.59 140.96 283.55 NOTE
r-release-macos-x86_64 0.1.4 ERROR
r-release-windows-ix86+x86_64 0.1.4 323.00 303.00 626.00 NOTE
r-oldrel-macos-x86_64 0.1.4 NOTE
r-oldrel-windows-ix86+x86_64 0.1.4 228.00 203.00 431.00 NOTE

Check Details

Version: 0.1.4
Check: for GNU extensions in Makefiles
Result: NOTE
    GNU make is a SystemRequirements.
Flavors: r-devel-linux-x86_64-debian-clang, r-devel-linux-x86_64-debian-gcc, r-devel-linux-x86_64-fedora-clang, r-devel-linux-x86_64-fedora-gcc, r-devel-windows-ix86+x86_64, r-patched-linux-x86_64, r-patched-solaris-x86, r-release-linux-x86_64, r-release-windows-ix86+x86_64, r-oldrel-macos-x86_64, r-oldrel-windows-ix86+x86_64

Version: 0.1.4
Check: installed package size
Result: NOTE
     installed size is 49.1Mb
     sub-directories of 1Mb or more:
     libs 48.4Mb
Flavors: r-devel-linux-x86_64-fedora-clang, r-devel-windows-ix86+x86_64, r-release-windows-ix86+x86_64, r-oldrel-macos-x86_64, r-oldrel-windows-ix86+x86_64

Version: 0.1.4
Check: whether package can be installed
Result: ERROR
    Installation failed.
Flavor: r-release-macos-x86_64