CRAN Package Check Results for Package glmnetUtils

Last updated on 2023-03-23 06:52:22 CET.

Flavor Version Tinstall Tcheck Ttotal Status Flags
r-devel-linux-x86_64-debian-clang 1.1.8 8.33 378.56 386.89 OK
r-devel-linux-x86_64-debian-gcc 1.1.8 7.49 284.26 291.75 OK
r-devel-linux-x86_64-fedora-clang 1.1.8 469.13 OK
r-devel-linux-x86_64-fedora-gcc 1.1.8 462.79 OK
r-patched-linux-x86_64 1.1.8 9.20 369.72 378.92 OK
r-release-linux-x86_64 1.1.8 7.83 366.23 374.06 OK
r-release-macos-arm64 1.1.8 132.00 OK
r-release-macos-x86_64 1.1.8 175.00 OK
r-release-windows-x86_64 1.1.8 37.00 425.00 462.00 OK
r-oldrel-macos-arm64 1.1.8 160.00 OK
r-oldrel-macos-x86_64 1.1.8 1803.00 OK
r-oldrel-windows-ix86+x86_64 1.1.8 19.00 380.00 399.00 WARN

Check Details

Version: 1.1.8
Check: re-building of vignette outputs
Result: WARN
    Error(s) in re-building vignettes:
    --- re-building 'intro.rmd' using rmarkdown
    trying URL 'https://web.stanford.edu/~hastie/glmnet/glmnetData/Leukemia.RData'
    Quitting from lines 167-173 (intro.rmd)
    Error: processing vignette 'intro.rmd' failed with diagnostics:
    cannot open URL 'https://web.stanford.edu/~hastie/glmnet/glmnetData/Leukemia.RData'
    --- failed re-building 'intro.rmd'
    
    SUMMARY: processing the following file failed:
     'intro.rmd'
    
    Error: Vignette re-building failed.
    Execution halted
Flavor: r-oldrel-windows-ix86+x86_64