CRAN Package Check Results for Package glogis

Last updated on 2020-08-14 01:49:03 CEST.

Flavor Version Tinstall Tcheck Ttotal Status Flags
r-devel-linux-x86_64-debian-clang 1.0-1 3.04 29.77 32.81 OK
r-devel-linux-x86_64-debian-gcc 1.0-1 2.54 23.19 25.73 OK
r-devel-linux-x86_64-fedora-clang 1.0-1 48.47 NOTE
r-devel-linux-x86_64-fedora-gcc 1.0-1 38.52 OK
r-devel-windows-ix86+x86_64 1.0-1 9.00 41.00 50.00 OK
r-patched-linux-x86_64 1.0-1 3.09 29.19 32.28 OK
r-patched-solaris-x86 1.0-1 60.90 OK
r-release-linux-x86_64 1.0-1 3.00 29.49 32.49 OK
r-release-macos-x86_64 1.0-1 OK
r-release-windows-ix86+x86_64 1.0-1 7.00 60.00 67.00 OK
r-oldrel-macos-x86_64 1.0-1 OK
r-oldrel-windows-ix86+x86_64 1.0-1 5.00 45.00 50.00 OK

Check Details

Version: 1.0-1
Check: Rd cross-references
Result: NOTE
    Undeclared package ‘foreach’ in Rd xrefs
Flavor: r-devel-linux-x86_64-fedora-clang