CRAN Package Check Results for Package gluedown

Last updated on 2021-06-22 01:49:16 CEST.

Flavor Version Tinstall Tcheck Ttotal Status Flags
r-devel-linux-x86_64-debian-clang 1.0.4 3.20 40.88 44.08 OK
r-devel-linux-x86_64-debian-gcc 1.0.4 2.26 32.25 34.51 OK
r-devel-linux-x86_64-fedora-clang 1.0.4 62.01 OK
r-devel-linux-x86_64-fedora-gcc 1.0.4 51.87 OK
r-devel-windows-x86_64 1.0.4 5.00 46.00 51.00 OK
r-devel-windows-x86_64-gcc10-UCRT 1.0.4 ERROR
r-patched-linux-x86_64 1.0.4 3.80 39.53 43.33 OK
r-patched-solaris-x86 1.0.4 75.80 OK
r-release-linux-x86_64 1.0.4 2.91 40.24 43.15 OK
r-release-macos-arm64 1.0.4 OK
r-release-macos-x86_64 1.0.4 OK
r-release-windows-ix86+x86_64 1.0.4 7.00 59.00 66.00 OK
r-oldrel-macos-x86_64 1.0.4 OK

Check Details

Version: 1.0.4
Check: package dependencies
Result: NOTE
    Packages suggested but not available for checking: 'covr', 'httr', 'rvest'
Flavor: r-devel-windows-x86_64-gcc10-UCRT

Version: 1.0.4
Check: tests
Result: ERROR
     Running 'spelling.R'
     Running 'testthat.R'
    Running the tests in 'tests/testthat.R' failed.
    Last 13 lines of output:
     1. \-base::library(rvest) test-6.8-autolinks.R:3:0
     -- Error (test-generic-functions.R:4:1): (code run outside of `test_that()`) ---
     Error: there is no package called 'rvest'
     Backtrace:
     x
     1. \-base::library(rvest) test-generic-functions.R:4:0
     -- Error (test-github-issue.R:4:1): (code run outside of `test_that()`) --------
     Error: there is no package called 'rvest'
     Backtrace:
     x
     1. \-base::library(rvest) test-github-issue.R:4:0
    
     [ FAIL 26 | WARN 0 | SKIP 0 | PASS 0 ]
     Error: Test failures
     Execution halted
Flavor: r-devel-windows-x86_64-gcc10-UCRT

Version: 1.0.4
Check: re-building of vignette outputs
Result: WARN
    Error(s) in re-building vignettes:
     ...
    --- re-building 'github-spec.Rmd' using rmarkdown
    Quitting from lines 21-24 (github-spec.Rmd)
    Error: processing vignette 'github-spec.Rmd' failed with diagnostics:
    there is no package called 'rvest'
    --- failed re-building 'github-spec.Rmd'
    
    --- re-building 'literal-programming.Rmd' using rmarkdown
    Quitting from lines 20-24 (literal-programming.Rmd)
    Error: processing vignette 'literal-programming.Rmd' failed with diagnostics:
    there is no package called 'rvest'
    --- failed re-building 'literal-programming.Rmd'
    
    SUMMARY: processing the following files failed:
     'github-spec.Rmd' 'literal-programming.Rmd'
    
    Error: Vignette re-building failed.
    Execution halted
Flavor: r-devel-windows-x86_64-gcc10-UCRT