CRAN Package Check Results for Package gmGeostats

Last updated on 2021-01-21 00:47:06 CET.

Flavor Version Tinstall Tcheck Ttotal Status Flags
r-devel-linux-x86_64-debian-clang 0.10-7 20.98 140.72 161.70 OK
r-devel-linux-x86_64-debian-gcc 0.10-7 18.68 104.80 123.48 OK
r-devel-linux-x86_64-fedora-clang 0.10-7 199.47 NOTE
r-devel-linux-x86_64-fedora-gcc 0.10-7 187.35 NOTE
r-devel-windows-ix86+x86_64 0.10-7 33.00 193.00 226.00 OK
r-patched-linux-x86_64 0.10-7 22.38 131.24 153.62 OK
r-patched-solaris-x86 0.10-7 240.60 NOTE
r-release-linux-x86_64 0.10-7 20.50 130.47 150.97 OK
r-release-macos-x86_64 0.10-7 NOTE
r-release-windows-ix86+x86_64 0.10-7 41.00 215.00 256.00 OK
r-oldrel-macos-x86_64 0.10-7 NOTE
r-oldrel-windows-ix86+x86_64 0.10-7 26.00 150.00 176.00 OK

Check Details

Version: 0.10-7
Check: data for non-ASCII characters
Result: NOTE
     Note: found 2629 marked UTF-8 strings
Flavors: r-devel-linux-x86_64-fedora-clang, r-devel-linux-x86_64-fedora-gcc, r-patched-solaris-x86, r-release-macos-x86_64, r-oldrel-macos-x86_64