CRAN Package Check Results for Package gmnl

Last updated on 2023-02-07 00:54:19 CET.

Flavor Version Tinstall Tcheck Ttotal Status Flags
r-devel-linux-x86_64-debian-clang 1.1-3.2 15.06 118.72 133.78 OK
r-devel-linux-x86_64-debian-gcc 1.1-3.2 11.38 85.89 97.27 OK
r-devel-linux-x86_64-fedora-clang 1.1-3.2 164.01 NOTE
r-devel-linux-x86_64-fedora-gcc 1.1-3.2 153.29 OK
r-devel-windows-x86_64 1.1-3.2 21.00 142.00 163.00 OK
r-patched-linux-x86_64 1.1-3.2 14.36 107.78 122.14 OK
r-release-linux-x86_64 1.1-3.2 12.97 107.91 120.88 OK
r-release-macos-arm64 1.1-3.2 41.00 OK
r-release-macos-x86_64 1.1-3.2 88.00 OK
r-release-windows-x86_64 1.1-3.2 26.00 147.00 173.00 OK
r-oldrel-macos-arm64 1.1-3.2 45.00 OK
r-oldrel-macos-x86_64 1.1-3.2 85.00 OK
r-oldrel-windows-ix86+x86_64 1.1-3.2 30.00 133.00 163.00 OK

Check Details

Version: 1.1-3.2
Check: Rd cross-references
Result: NOTE
    Undeclared package ‘sandwich’ in Rd xrefs
Flavor: r-devel-linux-x86_64-fedora-clang