Last updated on 2023-02-02 00:54:47 CET.
Flavor | Version | Tinstall | Tcheck | Ttotal | Status | Flags |
---|---|---|---|---|---|---|
r-devel-linux-x86_64-debian-clang | 0.7-5 | 18.91 | 108.84 | 127.75 | NOTE | |
r-devel-linux-x86_64-debian-gcc | 0.7-5 | 13.52 | 83.03 | 96.55 | NOTE | |
r-devel-linux-x86_64-fedora-clang | 0.7-5 | 158.97 | NOTE | |||
r-devel-linux-x86_64-fedora-gcc | 0.7-5 | 151.79 | NOTE | |||
r-patched-linux-x86_64 | 0.7-5 | 14.74 | 105.62 | 120.36 | OK | |
r-release-linux-x86_64 | 0.7-5 | 17.69 | 103.55 | 121.24 | OK | |
r-release-macos-arm64 | 0.7-5 | 31.00 | OK | |||
r-release-macos-x86_64 | 0.7-5 | 43.00 | OK | |||
r-release-windows-x86_64 | 0.7-5 | 46.00 | 142.00 | 188.00 | OK | |
r-oldrel-macos-arm64 | 0.7-5 | 29.00 | OK | |||
r-oldrel-macos-x86_64 | 0.7-5 | 39.00 | OK | |||
r-oldrel-windows-ix86+x86_64 | 0.7-5 | 36.00 | 126.00 | 162.00 | OK |
Version: 0.7-5
Check: Rd files
Result: NOTE
checkRd: (-1) BVDWSTOXX.Rd:14: Escaped LaTeX specials: \&
checkRd: (-1) BVDWSTOXX.Rd:15: Escaped LaTeX specials: \&
checkRd: (-1) BVDWSTOXX.Rd:16: Escaped LaTeX specials: \& \&
checkRd: (-1) BVDWSTOXX.Rd:26: Escaped LaTeX specials: \&
checkRd: (-1) BVDWSTOXX.Rd:31: Escaped LaTeX specials: \&
checkRd: (-1) BVDWSTOXX.Rd:34: Escaped LaTeX specials: \&
checkRd: (-1) BVDWSTOXX.Rd:37: Escaped LaTeX specials: \&
Flavors: r-devel-linux-x86_64-debian-clang, r-devel-linux-x86_64-debian-gcc, r-devel-linux-x86_64-fedora-clang, r-devel-linux-x86_64-fedora-gcc
Version: 0.7-5
Check: Rd cross-references
Result: NOTE
Undeclared package ‘fBasics’ in Rd xrefs
Flavor: r-devel-linux-x86_64-fedora-clang