CRAN Package Check Results for Package goodpractice

Last updated on 2021-12-08 01:51:44 CET.

Flavor Version Tinstall Tcheck Ttotal Status Flags
r-devel-linux-x86_64-debian-clang 1.0.2 6.88 98.42 105.30 NOTE
r-devel-linux-x86_64-debian-gcc 1.0.2 6.27 78.60 84.87 NOTE
r-devel-linux-x86_64-fedora-clang 1.0.2 131.00 NOTE
r-devel-linux-x86_64-fedora-gcc 1.0.2 117.39 NOTE
r-devel-windows-x86_64-new-UL 1.0.2 19.00 206.00 225.00 NOTE
r-devel-windows-x86_64-new-TK 1.0.0 NOTE
r-devel-windows-x86_64-old 1.0.2 12.00 169.00 181.00 NOTE
r-patched-linux-x86_64 1.0.2 8.18 84.43 92.61 NOTE
r-release-linux-x86_64 1.0.2 6.12 78.72 84.84 NOTE
r-release-macos-arm64 1.0.2 NOTE
r-release-macos-x86_64 1.0.2 NOTE
r-release-windows-ix86+x86_64 1.0.2 12.00 277.00 289.00 NOTE
r-oldrel-macos-x86_64 1.0.2 OK
r-oldrel-windows-ix86+x86_64 1.0.2 15.00 0.00 15.00 FAIL

Check Details

Version: 1.0.2
Check: LazyData
Result: NOTE
     'LazyData' is specified without a 'data' directory
Flavors: r-devel-linux-x86_64-debian-clang, r-devel-linux-x86_64-debian-gcc, r-devel-linux-x86_64-fedora-clang, r-devel-linux-x86_64-fedora-gcc, r-devel-windows-x86_64-new-UL, r-devel-windows-x86_64-new-TK, r-devel-windows-x86_64-old, r-patched-linux-x86_64, r-release-linux-x86_64, r-release-macos-arm64, r-release-macos-x86_64, r-release-windows-ix86+x86_64

Version: 1.0.2
Check: re-building of vignette outputs
Result: FAIL
    Check process probably crashed or hung up for 20 minutes ... killed
    Most likely this happened in the example checks (?),
    if not, ignore the following last lines of example output:
    3 description_url FALSE
    4 description_bugreports FALSE
    5 lintr_assignment_linter TRUE
    6 lintr_line_length_linter TRUE
    7 lintr_trailing_semicolon_linter FALSE
    8 lintr_attach_detach_linter TRUE
    9 lintr_setwd_linter TRUE
    10 lintr_sapply_linter TRUE
    11 lintr_library_require_linter TRUE
    12 lintr_seq_linter TRUE
    13 no_import_package_as_a_whole FALSE
    14 no_export_pattern TRUE
    >
    >
    >
    > ### * <FOOTER>
    > ###
    > cleanEx()
    > options(digits = 7L)
    > base::cat("Time elapsed: ", proc.time() - base::get("ptime", pos = 'CheckExEnv'),"\n")
    Time elapsed: 2.31 0.25 2.59 NA NA
    > grDevices::dev.off()
    null device
     1
    > ###
    > ### Local variables: ***
    > ### mode: outline-minor ***
    > ### outline-regexp: "\\(> \\)?### [*]+" ***
    > ### End: ***
    > quit('no')
    ======== End of example output (where/before crash/hang up occured ?) ========
Flavor: r-oldrel-windows-ix86+x86_64