Last updated on 2021-04-20 01:47:06 CEST.
Flavor | Version | Tinstall | Tcheck | Ttotal | Status | Flags |
---|---|---|---|---|---|---|
r-devel-linux-x86_64-debian-clang | 0.2.0 | 3.61 | 35.65 | 39.26 | NOTE | |
r-devel-linux-x86_64-debian-gcc | 0.2.0 | 2.87 | 27.08 | 29.95 | NOTE | |
r-devel-linux-x86_64-fedora-clang | 0.2.0 | 57.37 | NOTE | |||
r-devel-linux-x86_64-fedora-gcc | 0.2.0 | 45.18 | NOTE | |||
r-devel-windows-ix86+x86_64 | 0.2.0 | 10.00 | 40.00 | 50.00 | NOTE | |
r-devel-windows-x86_64-gcc10-UCRT | 0.2.0 | NOTE | ||||
r-patched-linux-x86_64 | 0.2.0 | 3.54 | 33.41 | 36.95 | OK | |
r-patched-solaris-x86 | 0.2.0 | 70.20 | OK | |||
r-release-linux-x86_64 | 0.2.0 | 3.28 | 33.24 | 36.52 | OK | |
r-release-macos-x86_64 | 0.2.0 | OK | ||||
r-release-windows-ix86+x86_64 | 0.2.0 | 9.00 | 51.00 | 60.00 | OK | |
r-oldrel-macos-x86_64 | 0.2.0 | OK | ||||
r-oldrel-windows-ix86+x86_64 | 0.2.0 | 5.00 | 48.00 | 53.00 | OK |
Version: 0.2.0
Check: LazyData
Result: NOTE
'LazyData' is specified without a 'data' directory
Flavors: r-devel-linux-x86_64-debian-clang, r-devel-linux-x86_64-debian-gcc, r-devel-linux-x86_64-fedora-clang, r-devel-linux-x86_64-fedora-gcc, r-devel-windows-ix86+x86_64, r-devel-windows-x86_64-gcc10-UCRT