CRAN Package Check Results for Package googleLanguageR

Last updated on 2022-08-14 01:49:15 CEST.

Flavor Version Tinstall Tcheck Ttotal Status Flags
r-devel-linux-x86_64-debian-clang 0.3.0 7.10 57.90 65.00 NOTE
r-devel-linux-x86_64-debian-gcc 0.3.0 5.20 44.26 49.46 NOTE
r-devel-linux-x86_64-fedora-clang 0.3.0 87.42 NOTE
r-devel-linux-x86_64-fedora-gcc 0.3.0 81.99 NOTE
r-devel-windows-x86_64 0.3.0 53.00 103.00 156.00 NOTE
r-patched-linux-x86_64 0.3.0 7.20 53.45 60.65 NOTE
r-release-linux-x86_64 0.3.0 5.63 54.71 60.34 NOTE
r-release-macos-arm64 0.3.0 35.00 NOTE
r-release-macos-x86_64 0.3.0 47.00 NOTE
r-release-windows-x86_64 0.3.0 69.00 99.00 168.00 NOTE
r-oldrel-macos-arm64 0.3.0 31.00 NOTE
r-oldrel-macos-x86_64 0.3.0 64.00 NOTE
r-oldrel-windows-ix86+x86_64 0.3.0 16.00 80.00 96.00 NOTE

Check Details

Version: 0.3.0
Check: LazyData
Result: NOTE
     'LazyData' is specified without a 'data' directory
Flavors: r-devel-linux-x86_64-debian-clang, r-devel-linux-x86_64-debian-gcc, r-devel-linux-x86_64-fedora-clang, r-devel-linux-x86_64-fedora-gcc, r-devel-windows-x86_64, r-patched-linux-x86_64, r-release-linux-x86_64, r-release-macos-arm64, r-release-macos-x86_64, r-release-windows-x86_64, r-oldrel-macos-arm64, r-oldrel-macos-x86_64, r-oldrel-windows-ix86+x86_64