CRAN Package Check Results for Package googlePolylines

Last updated on 2019-11-02 00:49:55 CET.

Flavor Version Tinstall Tcheck Ttotal Status Flags
r-devel-linux-x86_64-debian-clang 0.7.2 43.88 28.50 72.38 NOTE
r-devel-linux-x86_64-debian-gcc 0.7.2 31.02 22.95 53.97 NOTE
r-devel-linux-x86_64-fedora-clang 0.7.2 98.99 NOTE
r-devel-linux-x86_64-fedora-gcc 0.7.2 94.39 NOTE
r-devel-windows-ix86+x86_64 0.7.2 112.00 86.00 198.00 NOTE
r-patched-linux-x86_64 0.7.2 34.61 27.53 62.14 NOTE
r-patched-solaris-x86 0.7.2 105.10 NOTE
r-release-linux-x86_64 0.7.2 34.05 27.94 61.99 NOTE
r-release-windows-ix86+x86_64 0.7.2 84.00 90.00 174.00 NOTE
r-release-osx-x86_64 0.7.2 NOTE
r-oldrel-windows-ix86+x86_64 0.7.2 81.00 81.00 162.00 OK
r-oldrel-osx-x86_64 0.7.2 OK

Check Details

Version: 0.7.2
Check: line endings in C/C++/Fortran sources/headers
Result: NOTE
    Found the following sources/headers not terminated with a newline:
     inst/include/googlePolylines.h
     inst/include/variants.h
    Some compilers warn on such files.
Flavors: r-devel-linux-x86_64-debian-clang, r-devel-linux-x86_64-debian-gcc, r-devel-linux-x86_64-fedora-clang, r-devel-linux-x86_64-fedora-gcc, r-devel-windows-ix86+x86_64, r-patched-linux-x86_64, r-patched-solaris-x86, r-release-linux-x86_64, r-release-windows-ix86+x86_64, r-release-osx-x86_64

Version: 0.7.2
Check: package vignettes
Result: NOTE
    Package vignette with placeholder title 'Vignette Title':
     'sfencode.Rmd'
Flavors: r-devel-linux-x86_64-debian-clang, r-devel-linux-x86_64-debian-gcc, r-devel-windows-ix86+x86_64