CRAN Package Check Results for Package googlesheets

Last updated on 2020-04-09 01:53:13 CEST.

Flavor Version Tinstall Tcheck Ttotal Status Flags
r-devel-linux-x86_64-debian-clang 0.3.0 8.27 56.65 64.92 OK
r-devel-linux-x86_64-debian-gcc 0.3.0 5.82 44.25 50.07 OK
r-devel-linux-x86_64-fedora-clang 0.3.0 77.89 NOTE
r-devel-linux-x86_64-fedora-gcc 0.3.0 87.46 NOTE
r-devel-windows-ix86+x86_64 0.3.0 16.00 114.00 130.00 OK
r-devel-windows-ix86+x86_64-gcc8 0.3.0 20.00 73.00 93.00 OK
r-patched-linux-x86_64 0.3.0 6.98 54.55 61.53 OK
r-patched-solaris-x86 0.3.0 97.10 NOTE
r-release-linux-x86_64 0.3.0 6.20 51.71 57.91 OK
r-release-windows-ix86+x86_64 0.3.0 16.00 86.00 102.00 OK
r-release-osx-x86_64 0.3.0 NOTE
r-oldrel-windows-ix86+x86_64 0.3.0 20.00 101.00 121.00 OK
r-oldrel-osx-x86_64 0.3.0 NOTE

Check Details

Version: 0.3.0
Check: dependencies in R code
Result: NOTE
    Namespace in Imports field not imported from: ‘tibble’
     All declared Imports should be used.
Flavors: r-devel-linux-x86_64-fedora-clang, r-devel-linux-x86_64-fedora-gcc, r-patched-solaris-x86, r-release-osx-x86_64, r-oldrel-osx-x86_64