CRAN Package Check Results for Package googlesheets

Last updated on 2020-07-13 01:48:46 CEST.

Flavor Version Tinstall Tcheck Ttotal Status Flags
r-devel-linux-x86_64-debian-clang 0.3.0 6.79 52.21 59.00 OK
r-devel-linux-x86_64-debian-gcc 0.3.0 5.83 39.84 45.67 OK
r-devel-linux-x86_64-fedora-clang 0.3.0 76.92 NOTE
r-devel-linux-x86_64-fedora-gcc 0.3.0 70.64 NOTE
r-devel-windows-ix86+x86_64 0.3.0 15.00 70.00 85.00 OK
r-patched-linux-x86_64 0.3.0 6.48 50.56 57.04 OK
r-patched-solaris-x86 0.3.0 97.90 NOTE
r-release-linux-x86_64 0.3.0 6.67 51.35 58.02 OK
r-release-macos-x86_64 0.3.0 NOTE
r-release-windows-ix86+x86_64 0.3.0 20.00 106.00 126.00 OK
r-oldrel-macos-x86_64 0.3.0 NOTE
r-oldrel-windows-ix86+x86_64 0.3.0 16.00 66.00 82.00 OK

Check Details

Version: 0.3.0
Check: dependencies in R code
Result: NOTE
    Namespace in Imports field not imported from: ‘tibble’
     All declared Imports should be used.
Flavors: r-devel-linux-x86_64-fedora-clang, r-devel-linux-x86_64-fedora-gcc, r-patched-solaris-x86, r-release-macos-x86_64, r-oldrel-macos-x86_64