CRAN Package Check Results for Package googlesheets4

Last updated on 2021-04-20 01:47:06 CEST.

Flavor Version Tinstall Tcheck Ttotal Status Flags
r-devel-linux-x86_64-debian-clang 0.3.0 6.90 66.39 73.29 NOTE
r-devel-linux-x86_64-debian-gcc 0.3.0 6.31 49.64 55.95 NOTE
r-devel-linux-x86_64-fedora-clang 0.3.0 103.87 NOTE
r-devel-linux-x86_64-fedora-gcc 0.3.0 93.68 NOTE
r-devel-windows-ix86+x86_64 0.3.0 13.00 63.00 76.00 NOTE
r-devel-windows-x86_64-gcc10-UCRT 0.3.0 NOTE
r-patched-linux-x86_64 0.3.0 7.07 62.18 69.25 OK
r-patched-solaris-x86 0.3.0 115.80 OK
r-release-linux-x86_64 0.3.0 6.95 61.85 68.80 OK
r-release-macos-x86_64 0.3.0 OK
r-release-windows-ix86+x86_64 0.3.0 17.00 85.00 102.00 OK
r-oldrel-macos-x86_64 0.3.0 OK
r-oldrel-windows-ix86+x86_64 0.3.0 12.00 80.00 92.00 OK

Check Details

Version: 0.3.0
Check: LazyData
Result: NOTE
     'LazyData' is specified without a 'data' directory
Flavors: r-devel-linux-x86_64-debian-clang, r-devel-linux-x86_64-debian-gcc, r-devel-linux-x86_64-fedora-clang, r-devel-linux-x86_64-fedora-gcc, r-devel-windows-ix86+x86_64, r-devel-windows-x86_64-gcc10-UCRT

Version: 0.3.0
Check: Rd cross-references
Result: NOTE
    Undeclared package ‘jsonlite’ in Rd xrefs
Flavor: r-devel-linux-x86_64-fedora-clang