CRAN Package Check Results for Package gplm

Last updated on 2023-01-28 01:50:11 CET.

Flavor Version Tinstall Tcheck Ttotal Status Flags
r-devel-linux-x86_64-debian-clang 0.7-4 11.78 91.76 103.54 OK
r-devel-linux-x86_64-debian-gcc 0.7-4 8.21 71.02 79.23 OK
r-devel-linux-x86_64-fedora-clang 0.7-4 129.66 NOTE
r-devel-linux-x86_64-fedora-gcc 0.7-4 138.45 NOTE
r-devel-windows-x86_64 0.7-4 21.00 148.00 169.00 OK
r-patched-linux-x86_64 0.7-4 10.52 89.53 100.05 OK
r-release-linux-x86_64 0.7-4 8.47 89.50 97.97 OK
r-release-macos-arm64 0.7-4 45.00 OK
r-release-macos-x86_64 0.7-4 74.00 OK
r-release-windows-x86_64 0.7-4 24.00 151.00 175.00 OK
r-oldrel-macos-arm64 0.7-4 70.00 OK
r-oldrel-macos-x86_64 0.7-4 84.00 OK
r-oldrel-windows-ix86+x86_64 0.7-4 26.00 147.00 173.00 OK

Check Details

Version: 0.7-4
Check: compiled code
Result: NOTE
    File ‘gplm/libs/gplm.so’:
     Found no calls to: ‘R_registerRoutines’, ‘R_useDynamicSymbols’
    
    It is good practice to register native routines and to disable symbol
    search.
    
    See ‘Writing portable packages’ in the ‘Writing R Extensions’ manual.
Flavors: r-devel-linux-x86_64-fedora-clang, r-devel-linux-x86_64-fedora-gcc