CRAN Package Check Results for Package grainscape

Last updated on 2019-12-14 00:54:06 CET.

Flavor Version Tinstall Tcheck Ttotal Status Flags
r-devel-linux-x86_64-debian-clang 0.4.2 35.46 329.31 364.77 WARN
r-devel-linux-x86_64-debian-gcc 0.4.2 27.83 240.60 268.43 OK
r-devel-linux-x86_64-fedora-clang 0.4.2 466.10 OK
r-devel-linux-x86_64-fedora-gcc 0.4.2 435.64 OK
r-devel-windows-ix86+x86_64 0.4.2 101.00 509.00 610.00 WARN
r-devel-windows-ix86+x86_64-gcc8 0.4.2 72.00 443.00 515.00 WARN
r-patched-linux-x86_64 0.4.2 32.13 296.33 328.46 OK
r-patched-solaris-x86 0.4.2 504.60 OK
r-release-linux-x86_64 0.4.2 29.48 293.63 323.11 WARN
r-release-windows-ix86+x86_64 0.4.2 91.00 539.00 630.00 WARN
r-release-osx-x86_64 0.4.2 OK
r-oldrel-windows-ix86+x86_64 0.4.2 63.00 427.00 490.00 WARN
r-oldrel-osx-x86_64 0.4.2 OK

Check Details

Version: 0.4.2
Check: re-building of vignette outputs
Result: WARN
    Error(s) in re-building vignettes:
     ...
    --- re-building 'MPG_algorithm.Rmd' using rmarkdown
    --- finished re-building 'MPG_algorithm.Rmd'
    
    --- re-building 'grainscape_vignette.Rmd' using rmarkdown
    ! Misplaced \crcr.
    \endtabular ->\crcr
     \egroup \egroup $\egroup
    l.145 \maketitle
    
    Error: processing vignette 'grainscape_vignette.Rmd' failed with diagnostics:
    Failed to compile grainscape_vignette.tex. See https://yihui.org/tinytex/r/#debugging for debugging tips. See grainscape_vignette.log for more info.
    --- failed re-building 'grainscape_vignette.Rmd'
    
    SUMMARY: processing the following file failed:
     'grainscape_vignette.Rmd'
    
    Error: Vignette re-building failed.
    Execution halted
Flavors: r-devel-linux-x86_64-debian-clang, r-release-linux-x86_64

Version: 0.4.2
Check: re-building of vignette outputs
Result: WARN
    Error(s) in re-building vignettes:
    --- re-building 'MPG_algorithm.Rmd' using rmarkdown
    --- finished re-building 'MPG_algorithm.Rmd'
    
    --- re-building 'grainscape_vignette.Rmd' using rmarkdown
    ! Misplaced \crcr.
    \endtabular ->\crcr
     \egroup \egroup $\egroup
    l.143 \maketitle
    
    Error: processing vignette 'grainscape_vignette.Rmd' failed with diagnostics:
    Failed to compile grainscape_vignette.tex. See https://yihui.name/tinytex/r/#debugging for debugging tips. See grainscape_vignette.log for more info.
    --- failed re-building 'grainscape_vignette.Rmd'
    
    SUMMARY: processing the following file failed:
     'grainscape_vignette.Rmd'
    
    Error: Vignette re-building failed.
    Execution halted
Flavors: r-devel-windows-ix86+x86_64, r-devel-windows-ix86+x86_64-gcc8, r-release-windows-ix86+x86_64

Version: 0.4.2
Check: re-building of vignette outputs
Result: WARN
    Error in re-building vignettes:
     ...
    ! Misplaced \crcr.
    \endtabular ->\crcr
     \egroup \egroup $\egroup
    l.143 \maketitle
    
    Error: processing vignette 'grainscape_vignette.Rmd' failed with diagnostics:
    Failed to compile grainscape_vignette.tex. See https://yihui.org/tinytex/r/#debugging for debugging tips. See grainscape_vignette.log for more info.
    Execution halted
Flavor: r-oldrel-windows-ix86+x86_64