CRAN Package Check Results for Package graph4lg

Last updated on 2020-02-28 00:47:56 CET.

Flavor Version Tinstall Tcheck Ttotal Status Flags
r-devel-linux-x86_64-debian-clang 0.2.0 10.92 261.07 271.99 OK
r-devel-linux-x86_64-debian-gcc 0.2.0 8.88 196.91 205.79 OK
r-devel-linux-x86_64-fedora-clang 0.2.0 250.43 NOTE
r-devel-linux-x86_64-fedora-gcc 0.2.0 234.83 NOTE
r-devel-windows-ix86+x86_64 0.2.0 23.00 205.00 228.00 OK
r-devel-windows-ix86+x86_64-gcc8 0.2.0 27.00 217.00 244.00 OK
r-patched-linux-x86_64 0.2.0 9.65 237.47 247.12 OK
r-patched-solaris-x86 0.2.0 309.60 NOTE
r-release-linux-x86_64 0.2.0 8.49 236.16 244.65 OK
r-release-windows-ix86+x86_64 0.2.0 18.00 183.00 201.00 OK
r-release-osx-x86_64 0.2.0 NOTE
r-oldrel-windows-ix86+x86_64 0.2.0 12.00 152.00 164.00 OK
r-oldrel-osx-x86_64 0.2.0 NOTE

Check Details

Version: 0.2.0
Check: package dependencies
Result: NOTE
    Imports includes 21 non-default packages.
    Importing from so many packages makes the package vulnerable to any of
    them becoming unavailable. Move as many as possible to Suggests and
    use conditionally.
Flavor: r-devel-linux-x86_64-fedora-clang

Version: 0.2.0
Check: dependencies in R code
Result: NOTE
    Namespaces in Imports field not imported from:
     ‘Imap’ ‘Rdpack’ ‘ade4’ ‘doBy’ ‘mclust’
     All declared Imports should be used.
Flavors: r-devel-linux-x86_64-fedora-clang, r-devel-linux-x86_64-fedora-gcc, r-patched-solaris-x86, r-release-osx-x86_64, r-oldrel-osx-x86_64