CRAN Package Check Results for Package graphTweets

Last updated on 2022-06-27 01:49:53 CEST.

Flavor Version Tinstall Tcheck Ttotal Status Flags
r-devel-linux-x86_64-debian-clang 0.5.3 4.49 52.11 56.60 OK
r-devel-linux-x86_64-debian-gcc 0.5.3 3.74 39.14 42.88 OK
r-devel-linux-x86_64-fedora-clang 0.5.3 80.85 NOTE
r-devel-linux-x86_64-fedora-gcc 0.5.3 77.40 NOTE
r-devel-windows-x86_64 0.5.3 32.00 77.00 109.00 OK
r-patched-linux-x86_64 0.5.3 5.51 48.83 54.34 OK
r-release-linux-x86_64 0.5.3 5.09 49.99 55.08 OK
r-release-macos-arm64 0.5.3 23.00 NOTE
r-release-macos-x86_64 0.5.3 72.00 NOTE
r-release-windows-x86_64 0.5.3 31.00 74.00 105.00 OK
r-oldrel-macos-arm64 0.5.3 29.00 NOTE
r-oldrel-macos-x86_64 0.5.3 41.00 NOTE
r-oldrel-windows-ix86+x86_64 0.5.3 17.00 67.00 84.00 OK

Check Details

Version: 0.5.3
Check: dependencies in R code
Result: NOTE
    Namespace in Imports field not imported from: ‘utils’
     All declared Imports should be used.
Flavors: r-devel-linux-x86_64-fedora-clang, r-devel-linux-x86_64-fedora-gcc, r-release-macos-arm64, r-release-macos-x86_64, r-oldrel-macos-arm64, r-oldrel-macos-x86_64