CRAN Package Check Results for Package grapherator

Last updated on 2020-06-04 02:48:03 CEST.

Flavor Version Tinstall Tcheck Ttotal Status Flags
r-devel-linux-x86_64-debian-clang 1.0.0 10.16 106.51 116.67 OK
r-devel-linux-x86_64-debian-gcc 1.0.0 7.66 80.49 88.15 OK
r-devel-linux-x86_64-fedora-clang 1.0.0 144.33 NOTE
r-devel-linux-x86_64-fedora-gcc 1.0.0 135.12 NOTE
r-devel-windows-ix86+x86_64 1.0.0 41.00 160.00 201.00 OK
r-patched-linux-x86_64 1.0.0 9.25 104.54 113.79 OK
r-patched-solaris-x86 1.0.0 193.60 NOTE
r-release-linux-x86_64 1.0.0 9.96 104.91 114.87 OK
r-release-osx-x86_64 1.0.0 NOTE
r-release-windows-ix86+x86_64 1.0.0 19.00 121.00 140.00 OK
r-oldrel-osx-x86_64 1.0.0 NOTE
r-oldrel-windows-ix86+x86_64 1.0.0 24.00 152.00 176.00 OK

Check Details

Version: 1.0.0
Check: dependencies in R code
Result: NOTE
    Namespace in Imports field not imported from: ‘reshape2’
     All declared Imports should be used.
Flavors: r-devel-linux-x86_64-fedora-clang, r-devel-linux-x86_64-fedora-gcc, r-patched-solaris-x86, r-release-osx-x86_64, r-oldrel-osx-x86_64