CRAN Package Check Results for Package graphframes

Last updated on 2021-07-27 01:50:45 CEST.

Flavor Version Tinstall Tcheck Ttotal Status Flags
r-devel-linux-x86_64-debian-clang 0.1.2 6.88 58.13 65.01 NOTE
r-devel-linux-x86_64-debian-gcc 0.1.2 5.14 43.74 48.88 NOTE
r-devel-linux-x86_64-fedora-clang 0.1.2 85.80 NOTE
r-devel-linux-x86_64-fedora-gcc 0.1.2 73.57 NOTE
r-devel-windows-x86_64 0.1.2 11.00 78.00 89.00 NOTE
r-devel-windows-x86_64-gcc10-UCRT 0.1.2 NOTE
r-patched-linux-x86_64 0.1.2 6.02 53.62 59.64 NOTE
r-patched-solaris-x86 0.1.2 106.50 NOTE
r-release-linux-x86_64 0.1.2 5.21 53.85 59.06 NOTE
r-release-macos-arm64 0.1.2 NOTE
r-release-macos-x86_64 0.1.2 NOTE
r-release-windows-ix86+x86_64 0.1.2 16.00 57.00 73.00 NOTE
r-oldrel-macos-x86_64 0.1.2 OK
r-oldrel-windows-ix86+x86_64 0.1.2 18.00 77.00 95.00 OK

Check Details

Version: 0.1.2
Check: LazyData
Result: NOTE
     'LazyData' is specified without a 'data' directory
Flavors: r-devel-linux-x86_64-debian-clang, r-devel-linux-x86_64-debian-gcc, r-devel-linux-x86_64-fedora-clang, r-devel-linux-x86_64-fedora-gcc, r-devel-windows-x86_64, r-devel-windows-x86_64-gcc10-UCRT, r-patched-linux-x86_64, r-patched-solaris-x86, r-release-linux-x86_64, r-release-macos-arm64, r-release-macos-x86_64, r-release-windows-ix86+x86_64