CRAN Package Check Results for Package graphhopper

Last updated on 2022-12-06 00:51:11 CET.

Flavor Version Tinstall Tcheck Ttotal Status Flags
r-devel-linux-x86_64-debian-clang 0.1.2 1.79 27.87 29.66 NOTE
r-devel-linux-x86_64-debian-gcc 0.1.2 1.97 22.07 24.04 NOTE
r-devel-linux-x86_64-fedora-clang 0.1.2 50.40 NOTE
r-devel-linux-x86_64-fedora-gcc 0.1.2 56.97 NOTE
r-devel-windows-x86_64 0.1.2 25.00 62.00 87.00 NOTE
r-patched-linux-x86_64 0.1.2 2.69 28.07 30.76 NOTE
r-release-linux-x86_64 0.1.2 2.34 28.60 30.94 NOTE
r-release-macos-arm64 0.1.2 24.00 NOTE
r-release-macos-x86_64 0.1.2 38.00 NOTE
r-release-windows-x86_64 0.1.2 25.00 72.00 97.00 NOTE
r-oldrel-macos-arm64 0.1.2 27.00 NOTE
r-oldrel-macos-x86_64 0.1.2 48.00 NOTE
r-oldrel-windows-ix86+x86_64 0.1.2 6.00 62.00 68.00 NOTE

Check Details

Version: 0.1.2
Check: LazyData
Result: NOTE
     'LazyData' is specified without a 'data' directory
Flavors: r-devel-linux-x86_64-debian-clang, r-devel-linux-x86_64-debian-gcc, r-devel-linux-x86_64-fedora-clang, r-devel-linux-x86_64-fedora-gcc, r-devel-windows-x86_64, r-patched-linux-x86_64, r-release-linux-x86_64, r-release-macos-arm64, r-release-macos-x86_64, r-release-windows-x86_64, r-oldrel-macos-arm64, r-oldrel-macos-x86_64, r-oldrel-windows-ix86+x86_64