CRAN Package Check Results for Package graphlayouts

Last updated on 2022-01-28 00:48:56 CET.

Flavor Version Tinstall Tcheck Ttotal Status Flags
r-devel-linux-x86_64-debian-clang 0.8.0 76.54 53.33 129.87 OK
r-devel-linux-x86_64-debian-gcc 0.8.0 57.36 41.33 98.69 OK
r-devel-linux-x86_64-fedora-clang 0.8.0 185.71 NOTE
r-devel-linux-x86_64-fedora-gcc 0.8.0 155.26 OK
r-devel-windows-x86_64-new-UL 0.8.0 142.00 102.00 244.00 OK
r-devel-windows-x86_64-new-TK 0.8.0 OK
r-patched-linux-x86_64 0.8.0 66.21 50.96 117.17 OK
r-release-linux-x86_64 0.8.0 67.06 50.10 117.16 OK
r-release-macos-arm64 0.8.0 NOTE
r-release-macos-x86_64 0.8.0 NOTE
r-release-windows-ix86+x86_64 0.8.0 179.00 103.00 282.00 OK
r-oldrel-macos-x86_64 0.8.0 NOTE
r-oldrel-windows-ix86+x86_64 0.8.0 178.00 106.00 284.00 OK

Check Details

Version: 0.8.0
Check: installed package size
Result: NOTE
     installed size is 5.6Mb
     sub-directories of 1Mb or more:
     help 2.4Mb
     libs 3.0Mb
Flavors: r-devel-linux-x86_64-fedora-clang, r-release-macos-arm64, r-release-macos-x86_64, r-oldrel-macos-x86_64