Last updated on 2021-01-25 00:47:59 CET.
Flavor | Version | Tinstall | Tcheck | Ttotal | Status | Flags |
---|---|---|---|---|---|---|
r-devel-linux-x86_64-debian-clang | 1.9.0.2 | 119.35 | 108.68 | 228.03 | NOTE | |
r-devel-linux-x86_64-debian-gcc | 1.9.0.2 | 63.32 | 78.11 | 141.43 | NOTE | |
r-devel-linux-x86_64-fedora-clang | 1.9.0.2 | 306.45 | NOTE | |||
r-devel-linux-x86_64-fedora-gcc | 1.9.0.2 | 254.15 | NOTE | |||
r-devel-windows-ix86+x86_64 | 1.9.0.2 | 247.00 | 156.00 | 403.00 | NOTE | |
r-patched-linux-x86_64 | 1.9.0.2 | 84.50 | 100.74 | 185.24 | NOTE | |
r-patched-solaris-x86 | 1.9.0.2 | 253.60 | NOTE | |||
r-release-linux-x86_64 | 1.9.0.2 | 79.07 | 100.90 | 179.97 | NOTE | |
r-release-macos-x86_64 | 1.9.0.2 | NOTE | ||||
r-release-windows-ix86+x86_64 | 1.9.0.2 | 247.00 | 135.00 | 382.00 | NOTE | |
r-oldrel-macos-x86_64 | 1.9.0.2 | NOTE | ||||
r-oldrel-windows-ix86+x86_64 | 1.9.0.2 | 165.00 | 163.00 | 328.00 | NOTE |
Version: 1.9.0.2
Check: package dependencies
Result: NOTE
Packages suggested but not available for checking:
'taxstats', 'taxstats1516'
Flavors: r-devel-linux-x86_64-debian-clang, r-devel-linux-x86_64-debian-gcc, r-devel-linux-x86_64-fedora-clang, r-devel-linux-x86_64-fedora-gcc, r-devel-windows-ix86+x86_64, r-patched-linux-x86_64, r-patched-solaris-x86, r-release-linux-x86_64, r-release-macos-x86_64, r-release-windows-ix86+x86_64, r-oldrel-macos-x86_64, r-oldrel-windows-ix86+x86_64