Last updated on 2022-06-25 01:49:01 CEST.
Flavor | Version | Tinstall | Tcheck | Ttotal | Status | Flags |
---|---|---|---|---|---|---|
r-devel-linux-x86_64-debian-clang | 1.0.5 | 55.31 | 136.21 | 191.52 | OK | |
r-devel-linux-x86_64-debian-gcc | 1.0.5 | 48.22 | 108.10 | 156.32 | OK | |
r-devel-linux-x86_64-fedora-clang | 1.0.5 | 262.68 | OK | |||
r-devel-linux-x86_64-fedora-gcc | 1.0.5 | 248.96 | OK | |||
r-devel-windows-x86_64 | 1.0.5 | 77.00 | 203.00 | 280.00 | NOTE | |
r-patched-linux-x86_64 | 1.0.5 | 57.14 | 129.81 | 186.95 | OK | |
r-release-linux-x86_64 | 1.0.5 | 37.51 | 141.46 | 178.97 | OK | |
r-release-macos-arm64 | 1.0.5 | 75.00 | NOTE | |||
r-release-macos-x86_64 | 1.0.5 | 113.00 | OK | |||
r-release-windows-x86_64 | 1.0.5 | 86.00 | 203.00 | 289.00 | NOTE | |
r-oldrel-macos-arm64 | 1.0.5 | 54.00 | NOTE | |||
r-oldrel-macos-x86_64 | 1.0.5 | 88.00 | OK | |||
r-oldrel-windows-ix86+x86_64 | 1.0.5 | 108.00 | 198.00 | 306.00 | NOTE |
Version: 1.0.5
Check: package dependencies
Result: NOTE
Package suggested but not available for checking: 'doMC'
Flavors: r-devel-windows-x86_64, r-release-windows-x86_64, r-oldrel-windows-ix86+x86_64
Version: 1.0.5
Check: installed package size
Result: NOTE
installed size is 5.0Mb
sub-directories of 1Mb or more:
R 1.1Mb
doc 2.6Mb
Flavors: r-devel-windows-x86_64, r-release-macos-arm64, r-release-windows-x86_64, r-oldrel-macos-arm64, r-oldrel-windows-ix86+x86_64