CRAN Package Check Results for Package greybox

Last updated on 2019-11-17 01:48:10 CET.

Flavor Version Tinstall Tcheck Ttotal Status Flags
r-devel-linux-x86_64-debian-clang 0.5.6 27.99 123.94 151.93 OK
r-devel-linux-x86_64-debian-gcc 0.5.6 21.54 93.00 114.54 OK
r-devel-linux-x86_64-fedora-clang 0.5.6 181.96 OK
r-devel-linux-x86_64-fedora-gcc 0.5.6 180.08 OK
r-devel-windows-ix86+x86_64 0.5.6 86.00 245.00 331.00 NOTE
r-patched-linux-x86_64 0.5.6 24.41 118.74 143.15 OK
r-patched-solaris-x86 0.5.6 221.40 OK
r-release-linux-x86_64 0.5.6 24.56 117.00 141.56 OK
r-release-windows-ix86+x86_64 0.5.6 45.00 240.00 285.00 NOTE
r-release-osx-x86_64 0.5.6 OK
r-oldrel-windows-ix86+x86_64 0.5.6 40.00 150.00 190.00 NOTE
r-oldrel-osx-x86_64 0.5.6 OK

Check Details

Version: 0.5.6
Check: package dependencies
Result: NOTE
    Package suggested but not available for checking: 'doMC'
Flavors: r-devel-windows-ix86+x86_64, r-release-windows-ix86+x86_64, r-oldrel-windows-ix86+x86_64