CRAN Package Check Results for Package greybox

Last updated on 2020-06-05 01:50:03 CEST.

Flavor Version Tinstall Tcheck Ttotal Status Flags
r-devel-linux-x86_64-debian-clang 0.6.0 38.61 180.82 219.43 OK
r-devel-linux-x86_64-debian-gcc 0.6.0 29.13 137.36 166.49 OK
r-devel-linux-x86_64-fedora-clang 0.6.0 272.57 OK
r-devel-linux-x86_64-fedora-gcc 0.6.0 260.49 OK
r-devel-windows-ix86+x86_64 0.6.0 98.00 346.00 444.00 NOTE
r-patched-linux-x86_64 0.6.0 31.54 177.93 209.47 OK
r-patched-solaris-x86 0.6.0 335.30 OK
r-release-linux-x86_64 0.6.0 33.97 179.43 213.40 OK
r-release-osx-x86_64 0.6.0 OK
r-release-windows-ix86+x86_64 0.6.0 65.00 333.00 398.00 NOTE
r-oldrel-osx-x86_64 0.6.0 OK
r-oldrel-windows-ix86+x86_64 0.6.0 81.00 296.00 377.00 NOTE

Additional issues

ATLAS

Check Details

Version: 0.6.0
Check: package dependencies
Result: NOTE
    Package suggested but not available for checking: 'doMC'
Flavors: r-devel-windows-ix86+x86_64, r-release-windows-ix86+x86_64, r-oldrel-windows-ix86+x86_64