CRAN Package Check Results for Package gridBase

Last updated on 2020-07-05 01:49:15 CEST.

Flavor Version Tinstall Tcheck Ttotal Status Flags
r-devel-linux-x86_64-debian-clang 0.4-7 1.81 24.69 26.50 NOTE
r-devel-linux-x86_64-debian-gcc 0.4-7 1.61 19.54 21.15 NOTE
r-devel-linux-x86_64-fedora-clang 0.4-7 40.30 NOTE
r-devel-linux-x86_64-fedora-gcc 0.4-7 31.20 NOTE
r-devel-windows-ix86+x86_64 0.4-7 6.00 54.00 60.00 NOTE
r-patched-linux-x86_64 0.4-7 1.98 24.70 26.68 NOTE
r-patched-solaris-x86 0.4-7 47.20 NOTE
r-release-linux-x86_64 0.4-7 1.88 24.44 26.32 NOTE
r-release-osx-x86_64 0.4-7 NOTE
r-release-windows-ix86+x86_64 0.4-7 5.00 41.00 46.00 NOTE
r-oldrel-osx-x86_64 0.4-7 NOTE
r-oldrel-windows-ix86+x86_64 0.4-7 4.00 57.00 61.00 NOTE

Check Details

Version: 0.4-7
Check: DESCRIPTION meta-information
Result: NOTE
    Malformed Description field: should contain one or more complete sentences.
Flavors: r-devel-linux-x86_64-debian-clang, r-devel-linux-x86_64-debian-gcc, r-devel-linux-x86_64-fedora-clang, r-devel-linux-x86_64-fedora-gcc, r-devel-windows-ix86+x86_64, r-patched-linux-x86_64, r-patched-solaris-x86, r-release-linux-x86_64, r-release-osx-x86_64, r-release-windows-ix86+x86_64, r-oldrel-osx-x86_64, r-oldrel-windows-ix86+x86_64