CRAN Package Check Results for Package gridGraphics

Last updated on 2023-06-03 08:05:45 CEST.

Flavor Version Tinstall Tcheck Ttotal Status Flags
r-devel-linux-x86_64-debian-clang 0.5-1 7.90 50.43 58.33 OK
r-devel-linux-x86_64-debian-gcc 0.5-1 4.41 36.95 41.36 OK
r-devel-linux-x86_64-fedora-clang 0.5-1 72.55 OK
r-devel-linux-x86_64-fedora-gcc 0.5-1 65.67 OK
r-devel-windows-x86_64 0.5-1 7.00 53.00 60.00 OK
r-patched-linux-x86_64 0.5-1 OK
r-release-linux-x86_64 0.5-1 6.41 46.05 52.46 OK
r-release-macos-arm64 0.5-1 25.00 OK
r-release-macos-x86_64 0.5-1 40.00 OK
r-release-windows-x86_64 0.5-1 9.00 57.00 66.00 OK
r-oldrel-macos-arm64 0.5-1 26.00 OK
r-oldrel-macos-x86_64 0.5-1 32.00 NOTE
r-oldrel-windows-x86_64 0.5-1 8.00 62.00 70.00 OK

Check Details

Version: 0.5-1
Check: package dependencies
Result: NOTE
    Package suggested but not available for checking: ‘pdftools’
Flavor: r-oldrel-macos-x86_64