CRAN Package Check Results for Package gridtext

Last updated on 2022-01-28 00:48:56 CET.

Flavor Version Tinstall Tcheck Ttotal Status Flags
r-devel-linux-x86_64-debian-clang 0.1.4 41.56 46.57 88.13 NOTE
r-devel-linux-x86_64-debian-gcc 0.1.4 33.30 36.11 69.41 NOTE
r-devel-linux-x86_64-fedora-clang 0.1.4 123.73 NOTE
r-devel-linux-x86_64-fedora-gcc 0.1.4 107.00 NOTE
r-devel-windows-x86_64-new-UL 0.1.4 109.00 86.00 195.00 NOTE
r-devel-windows-x86_64-new-TK 0.1.4 NOTE
r-patched-linux-x86_64 0.1.4 35.27 44.84 80.11 NOTE
r-release-linux-x86_64 0.1.4 35.49 43.93 79.42 NOTE
r-release-macos-arm64 0.1.4 NOTE
r-release-macos-x86_64 0.1.4 NOTE
r-release-windows-ix86+x86_64 0.1.4 100.00 86.00 186.00 NOTE
r-oldrel-macos-x86_64 0.1.4 OK
r-oldrel-windows-ix86+x86_64 0.1.4 98.00 88.00 186.00 OK

Check Details

Version: 0.1.4
Check: LazyData
Result: NOTE
     'LazyData' is specified without a 'data' directory
Flavors: r-devel-linux-x86_64-debian-clang, r-devel-linux-x86_64-debian-gcc, r-devel-linux-x86_64-fedora-clang, r-devel-linux-x86_64-fedora-gcc, r-devel-windows-x86_64-new-UL, r-devel-windows-x86_64-new-TK, r-patched-linux-x86_64, r-release-linux-x86_64, r-release-macos-arm64, r-release-macos-x86_64, r-release-windows-ix86+x86_64