CRAN Package Check Results for Package gridtext

Last updated on 2022-06-27 01:49:53 CEST.

Flavor Version Tinstall Tcheck Ttotal Status Flags
r-devel-linux-x86_64-debian-clang 0.1.4 39.48 43.03 82.51 NOTE
r-devel-linux-x86_64-debian-gcc 0.1.4 37.97 32.35 70.32 NOTE
r-devel-linux-x86_64-fedora-clang 0.1.4 131.69 NOTE
r-devel-linux-x86_64-fedora-gcc 0.1.4 122.03 NOTE
r-devel-windows-x86_64 0.1.4 90.00 89.00 179.00 NOTE
r-patched-linux-x86_64 0.1.4 44.24 41.10 85.34 NOTE
r-release-linux-x86_64 0.1.4 39.40 40.78 80.18 NOTE
r-release-macos-arm64 0.1.4 33.00 NOTE
r-release-macos-x86_64 0.1.4 45.00 NOTE
r-release-windows-x86_64 0.1.4 101.00 86.00 187.00 NOTE
r-oldrel-macos-arm64 0.1.4 41.00 NOTE
r-oldrel-macos-x86_64 0.1.4 63.00 NOTE
r-oldrel-windows-ix86+x86_64 0.1.4 107.00 92.00 199.00 NOTE

Check Details

Version: 0.1.4
Check: LazyData
Result: NOTE
     'LazyData' is specified without a 'data' directory
Flavors: r-devel-linux-x86_64-debian-clang, r-devel-linux-x86_64-debian-gcc, r-devel-linux-x86_64-fedora-clang, r-devel-linux-x86_64-fedora-gcc, r-devel-windows-x86_64, r-patched-linux-x86_64, r-release-linux-x86_64, r-release-macos-arm64, r-release-macos-x86_64, r-release-windows-x86_64, r-oldrel-macos-arm64, r-oldrel-macos-x86_64, r-oldrel-windows-ix86+x86_64