CRAN Package Check Results for Package gromovlab

Last updated on 2020-09-21 02:49:24 CEST.

Flavor Version Tinstall Tcheck Ttotal Status Flags
r-devel-linux-x86_64-debian-clang 0.7-6 3.90 33.00 36.90 OK
r-devel-linux-x86_64-debian-gcc 0.7-6 2.88 26.27 29.15 OK
r-devel-linux-x86_64-fedora-clang 0.7-6 55.04 NOTE
r-devel-linux-x86_64-fedora-gcc 0.7-6 44.74 OK
r-devel-windows-ix86+x86_64 0.7-6 10.00 46.00 56.00 OK
r-patched-linux-x86_64 0.7-6 3.22 33.20 36.42 OK
r-patched-solaris-x86 0.7-6 78.50 OK
r-release-linux-x86_64 0.7-6 3.78 33.51 37.29 OK
r-release-macos-x86_64 0.7-6 OK
r-release-windows-ix86+x86_64 0.7-6 9.00 41.00 50.00 OK
r-oldrel-macos-x86_64 0.7-6 OK
r-oldrel-windows-ix86+x86_64 0.7-6 6.00 53.00 59.00 OK

Check Details

Version: 0.7-6
Check: Rd cross-references
Result: NOTE
    Undeclared package ‘phangorn’ in Rd xrefs
Flavor: r-devel-linux-x86_64-fedora-clang