Last updated on 2023-09-25 08:02:29 CEST.
Flavor | Version | Tinstall | Tcheck | Ttotal | Status | Flags |
---|---|---|---|---|---|---|
r-devel-linux-x86_64-debian-clang | 0.0.3 | 2.94 | 112.44 | 115.38 | OK | |
r-devel-linux-x86_64-debian-gcc | 0.0.3 | 2.26 | 76.70 | 78.96 | OK | |
r-devel-linux-x86_64-fedora-clang | 0.0.3 | 136.38 | NOTE | |||
r-devel-linux-x86_64-fedora-gcc | 0.0.3 | 152.78 | NOTE | |||
r-devel-windows-x86_64 | 0.0.3 | 4.00 | 106.00 | 110.00 | OK | |
r-patched-linux-x86_64 | 0.0.3 | 2.63 | 106.58 | 109.21 | OK | |
r-release-linux-x86_64 | 0.0.3 | 3.00 | 107.59 | 110.59 | OK | |
r-release-macos-arm64 | 0.0.3 | 46.00 | OK | |||
r-release-macos-x86_64 | 0.0.3 | 78.00 | OK | |||
r-release-windows-x86_64 | 0.0.3 | 5.00 | 120.00 | 125.00 | OK | |
r-oldrel-macos-arm64 | 0.0.3 | 43.00 | OK | |||
r-oldrel-macos-x86_64 | 0.0.3 | 61.00 | NOTE | |||
r-oldrel-windows-x86_64 | 0.0.3 | 5.00 | 124.00 | 129.00 | OK |
Version: 0.0.3
Check: dependencies in R code
Result: NOTE
Namespaces in Imports field not imported from:
‘MASS’ ‘rjags’
All declared Imports should be used.
Flavors: r-devel-linux-x86_64-fedora-clang, r-devel-linux-x86_64-fedora-gcc, r-oldrel-macos-x86_64