CRAN Package Check Results for Package gsDesign

Last updated on 2021-01-21 00:47:06 CET.

Flavor Version Tinstall Tcheck Ttotal Status Flags
r-devel-linux-x86_64-debian-clang 3.1.1 14.25 306.67 320.92 OK
r-devel-linux-x86_64-debian-gcc 3.1.1 12.78 213.51 226.29 OK
r-devel-linux-x86_64-fedora-clang 3.1.1 371.71 NOTE
r-devel-linux-x86_64-fedora-gcc 3.1.1 369.88 NOTE
r-devel-windows-ix86+x86_64 3.1.1 29.00 585.00 614.00 OK
r-patched-linux-x86_64 3.1.1 15.69 314.31 330.00 OK
r-patched-solaris-x86 3.1.1 463.20 NOTE
r-release-linux-x86_64 3.1.1 15.74 317.81 333.55 OK
r-release-macos-x86_64 3.1.1 NOTE
r-release-windows-ix86+x86_64 3.1.1 44.00 725.00 769.00 OK
r-oldrel-macos-x86_64 3.1.1 NOTE
r-oldrel-windows-ix86+x86_64 3.1.1 27.00 511.00 538.00 OK

Check Details

Version: 3.1.1
Check: dependencies in R code
Result: NOTE
    Namespaces in Imports field not imported from:
     ‘mvtnorm’ ‘tibble’ ‘utils’
     All declared Imports should be used.
Flavors: r-devel-linux-x86_64-fedora-clang, r-devel-linux-x86_64-fedora-gcc, r-patched-solaris-x86, r-release-macos-x86_64, r-oldrel-macos-x86_64