Last updated on 2023-11-28 07:53:04 CET.
Flavor | Version | Tinstall | Tcheck | Ttotal | Status | Flags |
---|---|---|---|---|---|---|
r-devel-linux-x86_64-debian-clang | 0.1.2 | 70.33 | 543.01 | 613.34 | OK | |
r-devel-linux-x86_64-debian-gcc | 0.1.2 | 58.56 | 400.02 | 458.58 | OK | |
r-devel-linux-x86_64-fedora-clang | 0.1.2 | 834.51 | OK | |||
r-devel-linux-x86_64-fedora-gcc | 0.1.2 | 755.33 | OK | |||
r-devel-windows-x86_64 | 0.1.2 | 58.00 | 378.00 | 436.00 | OK | |
r-patched-linux-x86_64 | 0.1.2 | 56.25 | 512.65 | 568.90 | OK | |
r-release-linux-x86_64 | 0.1.2 | 49.08 | 517.48 | 566.56 | OK | |
r-release-macos-arm64 | 0.1.2 | 5.00 | ERROR | |||
r-release-macos-x86_64 | 0.1.2 | 328.00 | OK | |||
r-release-windows-x86_64 | 0.1.2 | 82.00 | 472.00 | 554.00 | OK | |
r-oldrel-macos-arm64 | 0.1.2 | 9.00 | ERROR | |||
r-oldrel-macos-x86_64 | 0.1.2 | 11.00 | ERROR | |||
r-oldrel-windows-x86_64 | 0.1.2 | 76.00 | 432.00 | 508.00 | OK |
Version: 0.1.2
Check: package dependencies
Result: ERROR
Package required but not available: ‘CelliD’
See section ‘The DESCRIPTION file’ in the ‘Writing R Extensions’
manual.
Flavors: r-release-macos-arm64, r-oldrel-macos-arm64, r-oldrel-macos-x86_64