CRAN Package Check Results for Package gsl

Last updated on 2020-01-20 01:50:22 CET.

Flavor Version Tinstall Tcheck Ttotal Status Flags
r-devel-linux-x86_64-debian-clang 2.1-6 13.26 53.94 67.20 OK
r-devel-linux-x86_64-debian-gcc 2.1-6 9.49 40.73 50.22 OK
r-devel-linux-x86_64-fedora-clang 2.1-6 82.88 OK
r-devel-linux-x86_64-fedora-gcc 2.1-6 79.29 OK
r-devel-windows-ix86+x86_64 2.1-6 67.00 95.00 162.00 OK
r-devel-windows-ix86+x86_64-gcc8 2.1-6 44.00 107.00 151.00 OK
r-patched-linux-x86_64 2.1-6 10.21 49.46 59.67 OK
r-patched-solaris-x86 2.1-6 103.10 OK
r-release-linux-x86_64 2.1-6 9.96 48.84 58.80 OK
r-release-windows-ix86+x86_64 2.1-6 43.00 101.00 144.00 OK
r-release-osx-x86_64 2.1-6 ERROR
r-oldrel-windows-ix86+x86_64 2.1-6 38.00 70.00 108.00 OK
r-oldrel-osx-x86_64 2.1-6 ERROR

Check Details

Version: 2.1-6
Check: whether package can be installed
Result: ERROR
    Installation failed.
Flavors: r-release-osx-x86_64, r-oldrel-osx-x86_64