CRAN Package Check Results for Package gsl

Last updated on 2020-08-14 01:49:05 CEST.

Flavor Version Tinstall Tcheck Ttotal Status Flags
r-devel-linux-x86_64-debian-clang 2.1-6 13.48 54.85 68.33 OK
r-devel-linux-x86_64-debian-gcc 2.1-6 10.86 41.67 52.53 OK
r-devel-linux-x86_64-fedora-clang 2.1-6 88.83 OK
r-devel-linux-x86_64-fedora-gcc 2.1-6 80.32 OK
r-devel-windows-ix86+x86_64 2.1-6 52.00 85.00 137.00 OK
r-patched-linux-x86_64 2.1-6 11.74 54.72 66.46 OK
r-patched-solaris-x86 2.1-6 99.30 OK
r-release-linux-x86_64 2.1-6 11.77 55.22 66.99 OK
r-release-macos-x86_64 2.1-6 OK
r-release-windows-ix86+x86_64 2.1-6 44.00 77.00 121.00 OK
r-oldrel-macos-x86_64 2.1-6 ERROR
r-oldrel-windows-ix86+x86_64 2.1-6 43.00 101.00 144.00 OK

Check Details

Version: 2.1-6
Check: whether package can be installed
Result: ERROR
    Installation failed.
Flavor: r-oldrel-macos-x86_64