Last updated on 2023-06-07 08:01:51 CEST.
Flavor | Version | Tinstall | Tcheck | Ttotal | Status | Flags |
---|---|---|---|---|---|---|
r-devel-linux-x86_64-debian-clang | 0.1.7 | 3.03 | 23.15 | 26.18 | NOTE | |
r-devel-linux-x86_64-debian-gcc | 0.1.7 | 2.00 | 18.25 | 20.25 | NOTE | |
r-devel-linux-x86_64-fedora-clang | 0.1.7 | 32.81 | NOTE | |||
r-devel-linux-x86_64-fedora-gcc | 0.1.7 | 31.24 | NOTE | |||
r-devel-windows-x86_64 | 0.1.7 | 5.00 | 40.00 | 45.00 | NOTE | |
r-patched-linux-x86_64 | 0.1.7 | 2.53 | 22.55 | 25.08 | NOTE | |
r-release-linux-x86_64 | 0.1.7 | 2.67 | 22.53 | 25.20 | NOTE | |
r-release-macos-arm64 | 0.1.7 | 17.00 | NOTE | |||
r-release-macos-x86_64 | 0.1.7 | 22.00 | NOTE | |||
r-release-windows-x86_64 | 0.1.7 | 5.00 | 49.00 | 54.00 | NOTE | |
r-oldrel-macos-arm64 | 0.1.7 | 18.00 | NOTE | |||
r-oldrel-macos-x86_64 | 0.1.7 | 20.00 | NOTE | |||
r-oldrel-windows-x86_64 | 0.1.7 | 8.00 | 48.00 | 56.00 | NOTE |
Version: 0.1.7
Check: DESCRIPTION meta-information
Result: NOTE
Malformed Description field: should contain one or more complete sentences.
Flavors: r-devel-linux-x86_64-debian-clang, r-devel-linux-x86_64-debian-gcc, r-devel-linux-x86_64-fedora-clang, r-devel-linux-x86_64-fedora-gcc, r-devel-windows-x86_64, r-patched-linux-x86_64, r-release-linux-x86_64, r-release-macos-arm64, r-release-macos-x86_64, r-release-windows-x86_64, r-oldrel-macos-arm64, r-oldrel-macos-x86_64, r-oldrel-windows-x86_64
Version: 0.1.7
Check: compiled code
Result: NOTE
File ‘gsmoothr/libs/gsmoothr.so’:
Found no call to: ‘R_useDynamicSymbols’
It is good practice to register native routines and to disable symbol
search.
See ‘Writing portable packages’ in the ‘Writing R Extensions’ manual.
Flavors: r-devel-linux-x86_64-fedora-clang, r-devel-linux-x86_64-fedora-gcc