CRAN Package Check Results for Package gtools

Last updated on 2021-07-26 02:48:51 CEST.

Flavor Version Tinstall Tcheck Ttotal Status Flags
r-devel-linux-x86_64-debian-clang 3.9.2 4.98 46.93 51.91 NOTE
r-devel-linux-x86_64-debian-gcc 3.9.2 3.52 35.94 39.46 NOTE
r-devel-linux-x86_64-fedora-clang 3.9.2 70.37 NOTE
r-devel-linux-x86_64-fedora-gcc 3.9.2 151.31 NOTE
r-devel-windows-x86_64 3.9.2 11.00 68.00 79.00 NOTE
r-devel-windows-x86_64-gcc10-UCRT 3.9.2 NOTE
r-patched-linux-x86_64 3.9.2 5.13 44.27 49.40 NOTE
r-patched-solaris-x86 3.9.2 87.20 NOTE
r-release-linux-x86_64 3.9.2 4.45 43.94 48.39 NOTE
r-release-macos-arm64 3.9.2 NOTE
r-release-macos-x86_64 3.9.2 NOTE
r-release-windows-ix86+x86_64 3.9.2 15.00 67.00 82.00 NOTE
r-oldrel-macos-x86_64 3.9.2 NOTE
r-oldrel-windows-ix86+x86_64 3.9.2 13.00 91.00 104.00 NOTE

Check Details

Version: 3.9.2
Check: package dependencies
Result: NOTE
    Package suggested but not available for checking: 'taxize'
Flavor: r-devel-linux-x86_64-debian-clang

Version: 3.9.2
Check: R code for possible problems
Result: NOTE
    Found the following possibly unsafe calls:
    File 'gtools/R/unByteCode.R':
     unlockBinding(name, env = env)
Flavors: r-devel-linux-x86_64-debian-clang, r-devel-linux-x86_64-debian-gcc, r-devel-linux-x86_64-fedora-clang, r-devel-linux-x86_64-fedora-gcc, r-devel-windows-x86_64, r-devel-windows-x86_64-gcc10-UCRT, r-patched-linux-x86_64, r-patched-solaris-x86, r-release-linux-x86_64, r-release-macos-arm64, r-release-macos-x86_64, r-release-windows-ix86+x86_64, r-oldrel-macos-x86_64, r-oldrel-windows-ix86+x86_64