Last updated on 2023-12-04 07:50:57 CET.
Flavor | Version | Tinstall | Tcheck | Ttotal | Status | Flags |
---|---|---|---|---|---|---|
r-devel-linux-x86_64-debian-clang | 1.0.0 | 6.19 | 81.84 | 88.03 | NOTE | |
r-devel-linux-x86_64-debian-gcc | 1.0.0 | 6.16 | 62.81 | 68.97 | NOTE | |
r-devel-linux-x86_64-fedora-clang | 1.0.0 | 111.73 | OK | |||
r-devel-linux-x86_64-fedora-gcc | 1.0.0 | 118.56 | OK | |||
r-devel-windows-x86_64 | 1.0.0 | 7.00 | 80.00 | 87.00 | OK | |
r-patched-linux-x86_64 | 1.0.0 | 8.19 | 81.12 | 89.31 | OK | |
r-release-linux-x86_64 | 1.0.0 | 5.47 | 80.77 | 86.24 | OK | |
r-release-macos-arm64 | 1.0.0 | 46.00 | OK | |||
r-release-macos-x86_64 | 1.0.0 | 129.00 | OK | |||
r-release-windows-x86_64 | 1.0.0 | 9.00 | 92.00 | 101.00 | OK | |
r-oldrel-macos-arm64 | 1.0.0 | 37.00 | OK | |||
r-oldrel-macos-x86_64 | 1.0.0 | 62.00 | OK | |||
r-oldrel-windows-x86_64 | 1.0.0 | 10.00 | 99.00 | 109.00 | OK |
Version: 1.0.0
Check: Rd files
Result: NOTE
checkRd: (-1) PLSSVD.Rd:24: Lost braces; missing escapes or markup?
24 | The number of low-dimension (k < {N, M, L}, Default: .minDim(X, Y))
| ^
checkRd: (-1) guidedPLS.Rd:33: Lost braces; missing escapes or markup?
33 | The number of low-dimension (k < {N, M, L, O}, Default: .minDim(X1, X2, Y1, Y2))
| ^
checkRd: (-1) sPLSDA.Rd:24: Lost braces; missing escapes or markup?
24 | The number of low-dimension (k < {N, M, L}, Default: .minDim(X, Y))
| ^
Flavors: r-devel-linux-x86_64-debian-clang, r-devel-linux-x86_64-debian-gcc