CRAN Package Check Results for Package gwdegree

Last updated on 2020-07-10 01:49:02 CEST.

Flavor Version Tinstall Tcheck Ttotal Status Flags
r-devel-linux-x86_64-debian-clang 0.1.1 11.63 91.63 103.26 NOTE
r-devel-linux-x86_64-debian-gcc 0.1.1 8.88 72.13 81.01 NOTE
r-devel-linux-x86_64-fedora-clang 0.1.1 128.96 NOTE
r-devel-linux-x86_64-fedora-gcc 0.1.1 120.39 NOTE
r-devel-windows-ix86+x86_64 0.1.1 25.00 107.00 132.00 NOTE
r-patched-linux-x86_64 0.1.1 10.09 89.13 99.22 NOTE
r-patched-solaris-x86 0.1.1 180.30 NOTE
r-release-linux-x86_64 0.1.1 9.87 88.86 98.73 NOTE
r-release-osx-x86_64 0.1.1 NOTE
r-release-windows-ix86+x86_64 0.1.1 28.00 93.00 121.00 NOTE
r-oldrel-osx-x86_64 0.1.1 OK
r-oldrel-windows-ix86+x86_64 0.1.1 35.00 96.00 131.00 NOTE

Check Details

Version: 0.1.1
Check: R code for possible problems
Result: NOTE
    simCCCent : <anonymous>: no visible global function definition for
     'simulate.formula'
    Undefined global functions or variables:
     simulate.formula
Flavors: r-devel-linux-x86_64-debian-clang, r-devel-linux-x86_64-debian-gcc, r-devel-linux-x86_64-fedora-clang, r-devel-linux-x86_64-fedora-gcc, r-devel-windows-ix86+x86_64, r-patched-linux-x86_64, r-patched-solaris-x86, r-release-linux-x86_64, r-release-osx-x86_64, r-release-windows-ix86+x86_64, r-oldrel-windows-ix86+x86_64