CRAN Package Check Results for Package h2o

Last updated on 2022-01-25 00:49:50 CET.

Flavor Version Tinstall Tcheck Ttotal Status Flags
r-devel-linux-x86_64-debian-clang 3.36.0.1 35.60 174.12 209.72 OK
r-devel-linux-x86_64-debian-gcc 3.36.0.1 28.46 126.56 155.02 OK
r-devel-linux-x86_64-fedora-clang 3.36.0.1 248.93 NOTE
r-devel-linux-x86_64-fedora-gcc 3.36.0.1 235.75 OK
r-devel-windows-x86_64-new-UL 3.36.0.1 357.00 238.00 595.00 NOTE
r-devel-windows-x86_64-new-TK 3.36.0.1 OK
r-patched-linux-x86_64 3.36.0.1 34.83 162.62 197.45 OK
r-release-linux-x86_64 3.36.0.1 33.51 162.98 196.49 OK
r-release-macos-arm64 3.36.0.1 NOTE
r-release-macos-x86_64 3.36.0.1 NOTE
r-release-windows-ix86+x86_64 3.36.0.1 274.00 199.00 473.00 NOTE
r-oldrel-macos-x86_64 3.34.0.6 NOTE
r-oldrel-windows-ix86+x86_64 3.36.0.1 77.00 195.00 272.00 NOTE

Check Details

Version: 3.36.0.1
Check: installed package size
Result: NOTE
     installed size is 180.9Mb
     sub-directories of 1Mb or more:
     R 1.4Mb
     java 178.1Mb
Flavors: r-devel-linux-x86_64-fedora-clang, r-devel-windows-x86_64-new-UL, r-release-macos-arm64, r-release-macos-x86_64, r-release-windows-ix86+x86_64, r-oldrel-windows-ix86+x86_64

Version: 3.34.0.6
Check: installed package size
Result: NOTE
     installed size is 180.6Mb
     sub-directories of 1Mb or more:
     R 1.3Mb
     java 177.9Mb
Flavor: r-oldrel-macos-x86_64