CRAN Package Check Results for Package h2o

Last updated on 2021-09-25 01:50:19 CEST.

Flavor Version Tinstall Tcheck Ttotal Status Flags
r-devel-linux-x86_64-debian-clang 3.32.1.3 33.15 152.61 185.76 OK
r-devel-linux-x86_64-debian-gcc 3.32.1.3 24.85 112.54 137.39 OK
r-devel-linux-x86_64-fedora-clang 3.32.1.3 227.44 NOTE
r-devel-linux-x86_64-fedora-gcc 3.32.1.3 214.62 OK
r-devel-windows-x86_64 3.32.1.3 59.00 140.00 199.00 NOTE
r-devel-windows-x86_64-gcc10-UCRT 3.32.1.3 OK
r-patched-linux-x86_64 3.32.1.3 34.67 146.74 181.41 OK
r-patched-solaris-x86 3.32.1.3 248.80 NOTE
r-release-linux-x86_64 3.32.1.3 26.63 145.33 171.96 OK
r-release-macos-arm64 3.32.1.3 NOTE
r-release-macos-x86_64 3.32.1.3 NOTE
r-release-windows-ix86+x86_64 3.32.1.3 70.00 138.00 208.00 NOTE
r-oldrel-macos-x86_64 3.32.1.3 NOTE
r-oldrel-windows-ix86+x86_64 3.32.1.3 88.00 132.00 220.00 NOTE

Check Details

Version: 3.32.1.3
Check: installed package size
Result: NOTE
     installed size is 169.0Mb
     sub-directories of 1Mb or more:
     R 1.3Mb
     java 166.3Mb
Flavors: r-devel-linux-x86_64-fedora-clang, r-devel-windows-x86_64, r-patched-solaris-x86, r-release-macos-arm64, r-release-macos-x86_64, r-release-windows-ix86+x86_64, r-oldrel-macos-x86_64, r-oldrel-windows-ix86+x86_64