CRAN Package Check Results for Package hablar

Last updated on 2022-08-11 01:49:08 CEST.

Flavor Version Tinstall Tcheck Ttotal Status Flags
r-devel-linux-x86_64-debian-clang 0.3.0 6.84 73.82 80.66 NOTE
r-devel-linux-x86_64-debian-gcc 0.3.0 4.34 54.52 58.86 NOTE
r-devel-linux-x86_64-fedora-clang 0.3.0 102.54 NOTE
r-devel-linux-x86_64-fedora-gcc 0.3.0 99.89 NOTE
r-devel-windows-x86_64 0.3.0 28.00 123.00 151.00 NOTE
r-patched-linux-x86_64 0.3.0 6.85 67.52 74.37 NOTE
r-release-linux-x86_64 0.3.0 NOTE
r-release-macos-arm64 0.3.0 32.00 NOTE
r-release-macos-x86_64 0.3.0 60.00 NOTE
r-release-windows-x86_64 0.3.0 29.00 119.00 148.00 NOTE
r-oldrel-macos-arm64 0.3.0 57.00 NOTE
r-oldrel-macos-x86_64 0.3.0 56.00 NOTE
r-oldrel-windows-ix86+x86_64 0.3.0 15.00 99.00 114.00 NOTE

Check Details

Version: 0.3.0
Check: LazyData
Result: NOTE
     'LazyData' is specified without a 'data' directory
Flavors: r-devel-linux-x86_64-debian-clang, r-devel-linux-x86_64-debian-gcc, r-devel-linux-x86_64-fedora-clang, r-devel-linux-x86_64-fedora-gcc, r-devel-windows-x86_64, r-patched-linux-x86_64, r-release-linux-x86_64, r-release-macos-arm64, r-release-macos-x86_64, r-release-windows-x86_64, r-oldrel-macos-arm64, r-oldrel-macos-x86_64, r-oldrel-windows-ix86+x86_64