CRAN Package Check Results for Package hansard

Last updated on 2022-01-28 00:48:57 CET.

Flavor Version Tinstall Tcheck Ttotal Status Flags
r-devel-linux-x86_64-debian-clang 0.8.0 10.91 121.79 132.70 OK
r-devel-linux-x86_64-debian-gcc 0.8.0 8.19 90.34 98.53 OK
r-devel-linux-x86_64-fedora-clang 0.8.0 155.09 NOTE
r-devel-linux-x86_64-fedora-gcc 0.8.0 149.49 OK
r-devel-windows-x86_64-new-UL 0.8.0 78.00 160.00 238.00 OK
r-devel-windows-x86_64-new-TK 0.8.0 OK
r-patched-linux-x86_64 0.8.0 10.60 109.02 119.62 OK
r-release-linux-x86_64 0.8.0 10.30 108.81 119.11 OK
r-release-macos-arm64 0.8.0 OK
r-release-macos-x86_64 0.8.0 OK
r-release-windows-ix86+x86_64 0.8.0 20.00 134.00 154.00 OK
r-oldrel-macos-x86_64 0.8.0 OK
r-oldrel-windows-ix86+x86_64 0.8.0 21.00 133.00 154.00 OK

Check Details

Version: 0.8.0
Check: Rd cross-references
Result: NOTE
    Undeclared package ‘mnis’ in Rd xrefs
Flavor: r-devel-linux-x86_64-fedora-clang