CRAN Package Check Results for Package haven

Last updated on 2021-10-28 02:48:28 CEST.

Flavor Version Tinstall Tcheck Ttotal Status Flags
r-devel-linux-x86_64-debian-clang 2.4.3 28.33 50.26 78.59 NOTE
r-devel-linux-x86_64-debian-gcc 2.4.3 25.13 38.76 63.89 NOTE
r-devel-linux-x86_64-fedora-clang 2.4.3 113.74 NOTE
r-devel-linux-x86_64-fedora-gcc 2.4.3 102.41 NOTE
r-devel-windows-x86_64 2.4.3 55.00 86.00 141.00 NOTE
r-devel-windows-x86_64-gcc10-UCRT 2.4.3 WARN
r-patched-linux-x86_64 2.4.3 30.87 49.05 79.92 NOTE
r-patched-solaris-x86 2.4.3 122.20 NOTE
r-release-linux-x86_64 2.4.3 29.12 48.59 77.71 NOTE
r-release-macos-arm64 2.4.3 NOTE
r-release-macos-x86_64 2.4.3 NOTE
r-release-windows-ix86+x86_64 2.4.3 80.00 81.00 161.00 NOTE
r-oldrel-macos-x86_64 2.4.3 NOTE
r-oldrel-windows-ix86+x86_64 2.4.3 81.00 102.00 183.00 NOTE

Check Details

Version: 2.4.3
Check: for GNU extensions in Makefiles
Result: NOTE
    GNU make is a SystemRequirements.
Flavors: r-devel-linux-x86_64-debian-clang, r-devel-linux-x86_64-debian-gcc, r-devel-linux-x86_64-fedora-clang, r-devel-linux-x86_64-fedora-gcc, r-devel-windows-x86_64, r-devel-windows-x86_64-gcc10-UCRT, r-patched-linux-x86_64, r-patched-solaris-x86, r-release-linux-x86_64, r-release-macos-arm64, r-release-macos-x86_64, r-release-windows-ix86+x86_64, r-oldrel-macos-x86_64, r-oldrel-windows-ix86+x86_64

Version: 2.4.3
Check: Rd cross-references
Result: NOTE
    Undeclared package ‘dplyr’ in Rd xrefs
Flavor: r-devel-linux-x86_64-fedora-clang

Version: 2.4.3
Check: whether package can be installed
Result: WARN
    Found the following significant warnings:
     readstat/sas/readstat_sas.c:332:21: warning: too many arguments for format [-Wformat-extra-args]
     readstat/sas/readstat_sas7bdat_read.c:1016:66: warning: too many arguments for format [-Wformat-extra-args]
     readstat/sas/readstat_sas7bdat_read.c:1052:25: warning: too many arguments for format [-Wformat-extra-args]
     readstat/sas/readstat_sas7bdat_read.c:1078:66: warning: too many arguments for format [-Wformat-extra-args]
     readstat/sas/readstat_sas7bdat_read.c:1118:25: warning: too many arguments for format [-Wformat-extra-args]
     readstat/sas/readstat_sas7bdat_read.c:1151:25: warning: too many arguments for format [-Wformat-extra-args]
     readstat/sas/readstat_sas7bdat_read.c:1255:62: warning: too many arguments for format [-Wformat-extra-args]
     readstat/spss/readstat_por_read.c:129:52: warning: too many arguments for format [-Wformat-extra-args]
     readstat/spss/readstat_por_read.c:140:52: warning: too many arguments for format [-Wformat-extra-args]
     readstat/spss/readstat_por_write.c:64:52: warning: too many arguments for format [-Wformat-extra-args]
     readstat/spss/readstat_sav_write.c:1307:66: warning: '%d' directive output may be truncated writing between 1 and 10 bytes into a region of size 8 [-Wformat-truncation=]
     readstat/stata/readstat_dta_read.c:202:25: warning: too many arguments for format [-Wformat-extra-args]
     readstat/stata/readstat_dta_read.c:419:62: warning: too many arguments for format [-Wformat-extra-args]
     readstat/stata/readstat_dta_read.c:717:62: warning: too many arguments for format [-Wformat-extra-args]
     readstat/stata/readstat_dta_read.c:994:62: warning: too many arguments for format [-Wformat-extra-args]
Flavor: r-devel-windows-x86_64-gcc10-UCRT