CRAN Package Check Results for Package hawkes

Last updated on 2019-12-09 01:49:01 CET.

Flavor Version Tinstall Tcheck Ttotal Status Flags
r-devel-linux-x86_64-debian-clang 0.0-4 31.39 22.19 53.58 OK
r-devel-linux-x86_64-debian-gcc 0.0-4 23.00 18.24 41.24 OK
r-devel-linux-x86_64-fedora-clang 0.0-4 75.08 NOTE
r-devel-linux-x86_64-fedora-gcc 0.0-4 68.03 NOTE
r-devel-windows-ix86+x86_64 0.0-4 67.00 74.00 141.00 OK
r-devel-windows-ix86+x86_64-gcc8 0.0-4 73.00 61.00 134.00 OK
r-patched-linux-x86_64 0.0-4 25.18 20.68 45.86 OK
r-patched-solaris-x86 0.0-4 80.10 OK
r-release-linux-x86_64 0.0-4 25.69 20.67 46.36 OK
r-release-windows-ix86+x86_64 0.0-4 81.00 55.00 136.00 OK
r-release-osx-x86_64 0.0-4 OK
r-oldrel-windows-ix86+x86_64 0.0-4 53.00 69.00 122.00 OK
r-oldrel-osx-x86_64 0.0-4 OK

Check Details

Version: 0.0-4
Check: compiled code
Result: NOTE
    File ‘hawkes/libs/hawkes.so’:
     Found no calls to: ‘R_registerRoutines’, ‘R_useDynamicSymbols’
    
    It is good practice to register native routines and to disable symbol
    search.
    
    See ‘Writing portable packages’ in the ‘Writing R Extensions’ manual.
Flavors: r-devel-linux-x86_64-fedora-clang, r-devel-linux-x86_64-fedora-gcc