CRAN Package Check Results for Package hawkes

Last updated on 2020-07-14 02:06:54 CEST.

Flavor Version Tinstall Tcheck Ttotal Status Flags
r-devel-linux-x86_64-debian-clang 0.0-4 34.89 22.52 57.41 OK
r-devel-linux-x86_64-debian-gcc 0.0-4 26.39 18.14 44.53 OK
r-devel-linux-x86_64-fedora-clang 0.0-4 88.67 NOTE
r-devel-linux-x86_64-fedora-gcc 0.0-4 75.95 NOTE
r-devel-windows-ix86+x86_64 0.0-4 88.00 72.00 160.00 OK
r-patched-linux-x86_64 0.0-4 29.09 22.55 51.64 OK
r-patched-solaris-x86 0.0-4 78.10 OK
r-release-linux-x86_64 0.0-4 30.13 22.80 52.93 OK
r-release-macos-x86_64 0.0-4 ERROR
r-release-windows-ix86+x86_64 0.0-4 103.00 55.00 158.00 OK
r-oldrel-macos-x86_64 0.0-4 OK
r-oldrel-windows-ix86+x86_64 0.0-4 91.00 67.00 158.00 OK

Check Details

Version: 0.0-4
Check: compiled code
Result: NOTE
    File ‘hawkes/libs/hawkes.so’:
     Found no calls to: ‘R_registerRoutines’, ‘R_useDynamicSymbols’
    
    It is good practice to register native routines and to disable symbol
    search.
    
    See ‘Writing portable packages’ in the ‘Writing R Extensions’ manual.
Flavors: r-devel-linux-x86_64-fedora-clang, r-devel-linux-x86_64-fedora-gcc

Version: 0.0-4
Check: whether package can be installed
Result: ERROR
    Installation failed.
Flavor: r-release-macos-x86_64